
{"id":47755,"date":"2025-05-28T12:02:25","date_gmt":"2025-05-28T17:02:25","guid":{"rendered":"https:\/\/harleydavidsontoluca.com\/shop\/?post_type=product&#038;p=47755"},"modified":"2025-05-28T12:02:25","modified_gmt":"2025-05-28T17:02:25","slug":"kit-de-altavoz-para-carenado-inferior-boom","status":"publish","type":"product","link":"https:\/\/harleydavidsontoluca.com\/shop\/producto\/kit-de-altavoz-para-carenado-inferior-boom\/","title":{"rendered":"KIT DE ALTAVOZ PARA CARENADO INFERIOR BOOM!"},"content":{"rendered":"<div class=\"accordion-outer-content py-4 expanded-accordion-content force-no-outline\" role=\"button\" aria-expanded=\"true\" aria-controls=\"expandable-description\">\n<div class=\"accordion-button\" data-track=\"click\" data-region=\"cmp-product-details-accordion\"><\/div>\n<\/div>\n<div id=\"expandable-description\" class=\"accordion-inner-content\">-Conduce a trav\u00e9s de un muro de sonido. Los altavoces Boom!<sup>\u2122.<br \/>\n<\/sup>-Audio para el carenado inferior ofrecen dos fuentes de sonido adicionales dirigidas al motociclista, para lograr una experiencia de sonido de auditorio de conciertos.<\/div>\n","protected":false},"excerpt":{"rendered":"<p>Se adapta a los modelos FLHT, FLHTC, FLHTCU y FLHX 2006 a 2013, FLHXSE 2010, FLTRU 2011 a 2013, FLTRX 2010 a 2013, FLHTCUTG 2009 a 2013 y a los modelos FLHXXX 2010 a 2011. No se adapta a los modelos FLTRXSE. Los modelos FLHTCU y FLHTCUTG requieren la compra por separado del kit de expansi\u00f3n de altavoces Boom!<sup>\u2122<\/sup>\u00a0Audio con n\u00famero de pieza 76000263. Requiere la compra por separado del kit del carenado inferior Vented de color combinado y del arn\u00e9s de cableado adecuado. No se adapta a los modelos equipados con el filtro de aire Heavy Breather. No se puede utilizar con el kit de audio de m\u00fasica e intercomunicaci\u00f3n Boom!<sup>\u2122<\/sup>\u00a0con n\u00famero de pieza 77107-09, el kit de audio de m\u00fasica e intercomunicaci\u00f3n Boom!<sup>\u2122<\/sup>\u00a0con n\u00famero de pieza 77108-09 ni con el kit de hardware inferior del carenado de liberaci\u00f3n r\u00e1pida y desmontable. Requiere la actualizaci\u00f3n de software Digital Technician del concesionario. Se recomienda la instalaci\u00f3n en el concesionario.<\/p>\n","protected":false},"featured_media":47757,"template":"","meta":[],"product_brand":[],"product_cat":[83],"product_tag":[],"class_list":{"0":"post-47755","1":"product","2":"type-product","3":"status-publish","4":"has-post-thumbnail","6":"product_cat-partesyaccesoriosparamotos","8":"first","9":"instock","10":"taxable","11":"shipping-taxable","12":"purchasable","13":"product-type-simple"},"yoast_head":"<!-- This site is optimized with the Yoast SEO plugin v27.4 - https:\/\/yoast.com\/product\/yoast-seo-wordpress\/ -->\n<title>KIT DE ALTAVOZ PARA CARENADO INFERIOR BOOM! - Tienda oficial H-D Toluca<\/title>\n<meta name=\"robots\" content=\"index, follow, max-snippet:-1, max-image-preview:large, max-video-preview:-1\" \/>\n<link rel=\"canonical\" href=\"https:\/\/harleydavidsontoluca.com\/shop\/producto\/kit-de-altavoz-para-carenado-inferior-boom\/\" \/>\n<meta property=\"og:locale\" content=\"es_MX\" \/>\n<meta property=\"og:type\" content=\"article\" \/>\n<meta property=\"og:title\" content=\"KIT DE ALTAVOZ PARA CARENADO INFERIOR BOOM! - Tienda oficial H-D Toluca\" \/>\n<meta property=\"og:description\" content=\"Se adapta a los modelos FLHT, FLHTC, FLHTCU y FLHX 2006 a 2013, FLHXSE 2010, FLTRU 2011 a 2013, FLTRX 2010 a 2013, FLHTCUTG 2009 a 2013 y a los modelos FLHXXX 2010 a 2011. No se adapta a los modelos FLTRXSE. Los modelos FLHTCU y FLHTCUTG requieren la compra por separado del kit de expansi\u00f3n de altavoces Boom!\u2122\u00a0Audio con n\u00famero de pieza 76000263. Requiere la compra por separado del kit del carenado inferior Vented de color combinado y del arn\u00e9s de cableado adecuado. No se adapta a los modelos equipados con el filtro de aire Heavy Breather. No se puede utilizar con el kit de audio de m\u00fasica e intercomunicaci\u00f3n Boom!\u2122\u00a0con n\u00famero de pieza 77107-09, el kit de audio de m\u00fasica e intercomunicaci\u00f3n Boom!\u2122\u00a0con n\u00famero de pieza 77108-09 ni con el kit de hardware inferior del carenado de liberaci\u00f3n r\u00e1pida y desmontable. Requiere la actualizaci\u00f3n de software Digital Technician del concesionario. Se recomienda la instalaci\u00f3n en el concesionario.\" \/>\n<meta property=\"og:url\" content=\"https:\/\/harleydavidsontoluca.com\/shop\/producto\/kit-de-altavoz-para-carenado-inferior-boom\/\" \/>\n<meta property=\"og:site_name\" content=\"Tienda oficial H-D Toluca\" \/>\n<meta property=\"article:publisher\" content=\"https:\/\/www.facebook.com\/HarleyDavidsonToluca\" \/>\n<meta property=\"og:image\" content=\"https:\/\/harleydavidsontoluca.com\/shop\/wp-content\/uploads\/2025\/05\/Untitled-Project-2025-05-28T120008.831.jpg\" \/>\n\t<meta property=\"og:image:width\" content=\"1080\" \/>\n\t<meta property=\"og:image:height\" content=\"1080\" \/>\n\t<meta property=\"og:image:type\" content=\"image\/jpeg\" \/>\n<meta name=\"twitter:card\" content=\"summary_large_image\" \/>\n<meta name=\"twitter:label1\" content=\"Tiempo de lectura\" \/>\n\t<meta name=\"twitter:data1\" content=\"1 minuto\" \/>\n<script type=\"application\/ld+json\" class=\"yoast-schema-graph\">{\"@context\":\"https:\\\/\\\/schema.org\",\"@graph\":[{\"@type\":\"WebPage\",\"@id\":\"https:\\\/\\\/harleydavidsontoluca.com\\\/shop\\\/producto\\\/kit-de-altavoz-para-carenado-inferior-boom\\\/\",\"url\":\"https:\\\/\\\/harleydavidsontoluca.com\\\/shop\\\/producto\\\/kit-de-altavoz-para-carenado-inferior-boom\\\/\",\"name\":\"KIT DE ALTAVOZ PARA CARENADO INFERIOR BOOM! - Tienda oficial H-D Toluca\",\"isPartOf\":{\"@id\":\"https:\\\/\\\/harleydavidsontoluca.com\\\/shop\\\/#website\"},\"primaryImageOfPage\":{\"@id\":\"https:\\\/\\\/harleydavidsontoluca.com\\\/shop\\\/producto\\\/kit-de-altavoz-para-carenado-inferior-boom\\\/#primaryimage\"},\"image\":{\"@id\":\"https:\\\/\\\/harleydavidsontoluca.com\\\/shop\\\/producto\\\/kit-de-altavoz-para-carenado-inferior-boom\\\/#primaryimage\"},\"thumbnailUrl\":\"https:\\\/\\\/harleydavidsontoluca.com\\\/shop\\\/wp-content\\\/uploads\\\/2025\\\/05\\\/Untitled-Project-2025-05-28T120008.831.jpg\",\"datePublished\":\"2025-05-28T17:02:25+00:00\",\"breadcrumb\":{\"@id\":\"https:\\\/\\\/harleydavidsontoluca.com\\\/shop\\\/producto\\\/kit-de-altavoz-para-carenado-inferior-boom\\\/#breadcrumb\"},\"inLanguage\":\"es\",\"potentialAction\":[{\"@type\":\"ReadAction\",\"target\":[\"https:\\\/\\\/harleydavidsontoluca.com\\\/shop\\\/producto\\\/kit-de-altavoz-para-carenado-inferior-boom\\\/\"]}]},{\"@type\":\"ImageObject\",\"inLanguage\":\"es\",\"@id\":\"https:\\\/\\\/harleydavidsontoluca.com\\\/shop\\\/producto\\\/kit-de-altavoz-para-carenado-inferior-boom\\\/#primaryimage\",\"url\":\"https:\\\/\\\/harleydavidsontoluca.com\\\/shop\\\/wp-content\\\/uploads\\\/2025\\\/05\\\/Untitled-Project-2025-05-28T120008.831.jpg\",\"contentUrl\":\"https:\\\/\\\/harleydavidsontoluca.com\\\/shop\\\/wp-content\\\/uploads\\\/2025\\\/05\\\/Untitled-Project-2025-05-28T120008.831.jpg\",\"width\":1080,\"height\":1080},{\"@type\":\"BreadcrumbList\",\"@id\":\"https:\\\/\\\/harleydavidsontoluca.com\\\/shop\\\/producto\\\/kit-de-altavoz-para-carenado-inferior-boom\\\/#breadcrumb\",\"itemListElement\":[{\"@type\":\"ListItem\",\"position\":1,\"name\":\"Portada\",\"item\":\"https:\\\/\\\/harleydavidsontoluca.com\\\/shop\\\/\"},{\"@type\":\"ListItem\",\"position\":2,\"name\":\"Tienda\",\"item\":\"https:\\\/\\\/harleydavidsontoluca.com\\\/shop\\\/tienda\\\/\"},{\"@type\":\"ListItem\",\"position\":3,\"name\":\"KIT DE ALTAVOZ PARA CARENADO INFERIOR BOOM!\"}]},{\"@type\":\"WebSite\",\"@id\":\"https:\\\/\\\/harleydavidsontoluca.com\\\/shop\\\/#website\",\"url\":\"https:\\\/\\\/harleydavidsontoluca.com\\\/shop\\\/\",\"name\":\"Shop H-D Toluca\",\"description\":\"Shop H-D Toluca\",\"publisher\":{\"@id\":\"https:\\\/\\\/harleydavidsontoluca.com\\\/shop\\\/#organization\"},\"potentialAction\":[{\"@type\":\"SearchAction\",\"target\":{\"@type\":\"EntryPoint\",\"urlTemplate\":\"https:\\\/\\\/harleydavidsontoluca.com\\\/shop\\\/?s={search_term_string}\"},\"query-input\":{\"@type\":\"PropertyValueSpecification\",\"valueRequired\":true,\"valueName\":\"search_term_string\"}}],\"inLanguage\":\"es\"},{\"@type\":\"Organization\",\"@id\":\"https:\\\/\\\/harleydavidsontoluca.com\\\/shop\\\/#organization\",\"name\":\"Concesionaria Central de Motos\",\"url\":\"https:\\\/\\\/harleydavidsontoluca.com\\\/shop\\\/\",\"logo\":{\"@type\":\"ImageObject\",\"inLanguage\":\"es\",\"@id\":\"https:\\\/\\\/harleydavidsontoluca.com\\\/shop\\\/#\\\/schema\\\/logo\\\/image\\\/\",\"url\":\"https:\\\/\\\/harleydavidsontoluca.com\\\/shop\\\/wp-content\\\/uploads\\\/2024\\\/02\\\/cropped-Logo-512.png\",\"contentUrl\":\"https:\\\/\\\/harleydavidsontoluca.com\\\/shop\\\/wp-content\\\/uploads\\\/2024\\\/02\\\/cropped-Logo-512.png\",\"width\":512,\"height\":512,\"caption\":\"Concesionaria Central de Motos\"},\"image\":{\"@id\":\"https:\\\/\\\/harleydavidsontoluca.com\\\/shop\\\/#\\\/schema\\\/logo\\\/image\\\/\"},\"sameAs\":[\"https:\\\/\\\/www.facebook.com\\\/HarleyDavidsonToluca\",\"https:\\\/\\\/www.instagram.com\\\/hdtoluca\\\/\"]}]}<\/script>\n<!-- \/ Yoast SEO plugin. -->","yoast_head_json":{"title":"KIT DE ALTAVOZ PARA CARENADO INFERIOR BOOM! - Tienda oficial H-D Toluca","robots":{"index":"index","follow":"follow","max-snippet":"max-snippet:-1","max-image-preview":"max-image-preview:large","max-video-preview":"max-video-preview:-1"},"canonical":"https:\/\/harleydavidsontoluca.com\/shop\/producto\/kit-de-altavoz-para-carenado-inferior-boom\/","og_locale":"es_MX","og_type":"article","og_title":"KIT DE ALTAVOZ PARA CARENADO INFERIOR BOOM! - Tienda oficial H-D Toluca","og_description":"Se adapta a los modelos FLHT, FLHTC, FLHTCU y FLHX 2006 a 2013, FLHXSE 2010, FLTRU 2011 a 2013, FLTRX 2010 a 2013, FLHTCUTG 2009 a 2013 y a los modelos FLHXXX 2010 a 2011. No se adapta a los modelos FLTRXSE. Los modelos FLHTCU y FLHTCUTG requieren la compra por separado del kit de expansi\u00f3n de altavoces Boom!\u2122\u00a0Audio con n\u00famero de pieza 76000263. Requiere la compra por separado del kit del carenado inferior Vented de color combinado y del arn\u00e9s de cableado adecuado. No se adapta a los modelos equipados con el filtro de aire Heavy Breather. No se puede utilizar con el kit de audio de m\u00fasica e intercomunicaci\u00f3n Boom!\u2122\u00a0con n\u00famero de pieza 77107-09, el kit de audio de m\u00fasica e intercomunicaci\u00f3n Boom!\u2122\u00a0con n\u00famero de pieza 77108-09 ni con el kit de hardware inferior del carenado de liberaci\u00f3n r\u00e1pida y desmontable. Requiere la actualizaci\u00f3n de software Digital Technician del concesionario. Se recomienda la instalaci\u00f3n en el concesionario.","og_url":"https:\/\/harleydavidsontoluca.com\/shop\/producto\/kit-de-altavoz-para-carenado-inferior-boom\/","og_site_name":"Tienda oficial H-D Toluca","article_publisher":"https:\/\/www.facebook.com\/HarleyDavidsonToluca","og_image":[{"width":1080,"height":1080,"url":"https:\/\/harleydavidsontoluca.com\/shop\/wp-content\/uploads\/2025\/05\/Untitled-Project-2025-05-28T120008.831.jpg","type":"image\/jpeg"}],"twitter_card":"summary_large_image","twitter_misc":{"Tiempo de lectura":"1 minuto"},"schema":{"@context":"https:\/\/schema.org","@graph":[{"@type":"WebPage","@id":"https:\/\/harleydavidsontoluca.com\/shop\/producto\/kit-de-altavoz-para-carenado-inferior-boom\/","url":"https:\/\/harleydavidsontoluca.com\/shop\/producto\/kit-de-altavoz-para-carenado-inferior-boom\/","name":"KIT DE ALTAVOZ PARA CARENADO INFERIOR BOOM! - Tienda oficial H-D Toluca","isPartOf":{"@id":"https:\/\/harleydavidsontoluca.com\/shop\/#website"},"primaryImageOfPage":{"@id":"https:\/\/harleydavidsontoluca.com\/shop\/producto\/kit-de-altavoz-para-carenado-inferior-boom\/#primaryimage"},"image":{"@id":"https:\/\/harleydavidsontoluca.com\/shop\/producto\/kit-de-altavoz-para-carenado-inferior-boom\/#primaryimage"},"thumbnailUrl":"https:\/\/harleydavidsontoluca.com\/shop\/wp-content\/uploads\/2025\/05\/Untitled-Project-2025-05-28T120008.831.jpg","datePublished":"2025-05-28T17:02:25+00:00","breadcrumb":{"@id":"https:\/\/harleydavidsontoluca.com\/shop\/producto\/kit-de-altavoz-para-carenado-inferior-boom\/#breadcrumb"},"inLanguage":"es","potentialAction":[{"@type":"ReadAction","target":["https:\/\/harleydavidsontoluca.com\/shop\/producto\/kit-de-altavoz-para-carenado-inferior-boom\/"]}]},{"@type":"ImageObject","inLanguage":"es","@id":"https:\/\/harleydavidsontoluca.com\/shop\/producto\/kit-de-altavoz-para-carenado-inferior-boom\/#primaryimage","url":"https:\/\/harleydavidsontoluca.com\/shop\/wp-content\/uploads\/2025\/05\/Untitled-Project-2025-05-28T120008.831.jpg","contentUrl":"https:\/\/harleydavidsontoluca.com\/shop\/wp-content\/uploads\/2025\/05\/Untitled-Project-2025-05-28T120008.831.jpg","width":1080,"height":1080},{"@type":"BreadcrumbList","@id":"https:\/\/harleydavidsontoluca.com\/shop\/producto\/kit-de-altavoz-para-carenado-inferior-boom\/#breadcrumb","itemListElement":[{"@type":"ListItem","position":1,"name":"Portada","item":"https:\/\/harleydavidsontoluca.com\/shop\/"},{"@type":"ListItem","position":2,"name":"Tienda","item":"https:\/\/harleydavidsontoluca.com\/shop\/tienda\/"},{"@type":"ListItem","position":3,"name":"KIT DE ALTAVOZ PARA CARENADO INFERIOR BOOM!"}]},{"@type":"WebSite","@id":"https:\/\/harleydavidsontoluca.com\/shop\/#website","url":"https:\/\/harleydavidsontoluca.com\/shop\/","name":"Shop H-D Toluca","description":"Shop H-D Toluca","publisher":{"@id":"https:\/\/harleydavidsontoluca.com\/shop\/#organization"},"potentialAction":[{"@type":"SearchAction","target":{"@type":"EntryPoint","urlTemplate":"https:\/\/harleydavidsontoluca.com\/shop\/?s={search_term_string}"},"query-input":{"@type":"PropertyValueSpecification","valueRequired":true,"valueName":"search_term_string"}}],"inLanguage":"es"},{"@type":"Organization","@id":"https:\/\/harleydavidsontoluca.com\/shop\/#organization","name":"Concesionaria Central de Motos","url":"https:\/\/harleydavidsontoluca.com\/shop\/","logo":{"@type":"ImageObject","inLanguage":"es","@id":"https:\/\/harleydavidsontoluca.com\/shop\/#\/schema\/logo\/image\/","url":"https:\/\/harleydavidsontoluca.com\/shop\/wp-content\/uploads\/2024\/02\/cropped-Logo-512.png","contentUrl":"https:\/\/harleydavidsontoluca.com\/shop\/wp-content\/uploads\/2024\/02\/cropped-Logo-512.png","width":512,"height":512,"caption":"Concesionaria Central de Motos"},"image":{"@id":"https:\/\/harleydavidsontoluca.com\/shop\/#\/schema\/logo\/image\/"},"sameAs":["https:\/\/www.facebook.com\/HarleyDavidsonToluca","https:\/\/www.instagram.com\/hdtoluca\/"]}]}},"_links":{"self":[{"href":"https:\/\/harleydavidsontoluca.com\/shop\/wp-json\/wp\/v2\/product\/47755","targetHints":{"allow":["GET"]}}],"collection":[{"href":"https:\/\/harleydavidsontoluca.com\/shop\/wp-json\/wp\/v2\/product"}],"about":[{"href":"https:\/\/harleydavidsontoluca.com\/shop\/wp-json\/wp\/v2\/types\/product"}],"wp:featuredmedia":[{"embeddable":true,"href":"https:\/\/harleydavidsontoluca.com\/shop\/wp-json\/wp\/v2\/media\/47757"}],"wp:attachment":[{"href":"https:\/\/harleydavidsontoluca.com\/shop\/wp-json\/wp\/v2\/media?parent=47755"}],"wp:term":[{"taxonomy":"product_brand","embeddable":true,"href":"https:\/\/harleydavidsontoluca.com\/shop\/wp-json\/wp\/v2\/product_brand?post=47755"},{"taxonomy":"product_cat","embeddable":true,"href":"https:\/\/harleydavidsontoluca.com\/shop\/wp-json\/wp\/v2\/product_cat?post=47755"},{"taxonomy":"product_tag","embeddable":true,"href":"https:\/\/harleydavidsontoluca.com\/shop\/wp-json\/wp\/v2\/product_tag?post=47755"}],"curies":[{"name":"wp","href":"https:\/\/api.w.org\/{rel}","templated":true}]}}