
{"id":47426,"date":"2025-04-13T13:26:20","date_gmt":"2025-04-13T19:26:20","guid":{"rendered":"https:\/\/harleydavidsontoluca.com\/shop\/?post_type=product&#038;p=47426"},"modified":"2025-12-19T16:40:22","modified_gmt":"2025-12-19T22:40:22","slug":"chamarra-par-mujer-harley-davidson-trenton-deflector-2-0","status":"publish","type":"product","link":"https:\/\/harleydavidsontoluca.com\/shop\/producto\/chamarra-par-mujer-harley-davidson-trenton-deflector-2-0\/","title":{"rendered":"CHAMARRA PAR MUJER HARLEY-DAVIDSON TRENTON DEFLECTOR 2.0"},"content":{"rendered":"<div class=\"mt-3\">\u2022\u00a0<span class=\"b2\">Mantente fresco:\u00a0<\/span>Ventilaciones laterales con cremallera para que circule el aire.<\/div>\n<div class=\"mt-3\">\u2022\u00a0<span class=\"b2\">Mantente caliente:\u00a0<\/span>Material a prueba de viento.<\/div>\n<div class=\"mt-3\">\u2022\u00a0<span class=\"b2\">Ajuste y movilidad:\u00a0<\/span>Mangas precurvadas. Capucha con cord\u00f3n ajustable y forrada en jersey.<\/div>\n<div class=\"mt-3\">\u2022\u00a0<span class=\"b2\">Materiales:\u00a0<\/span>Tejido reforzado cloud dancer de 100\u202f% de poli\u00e9ster \/ negro de 53\u202f% de nylon, 43\u202f% de poli\u00e9ster y 4\u202f% de elastano. Forro parcial de malla de 100\u202f% de poli\u00e9ster.<\/div>\n<div class=\"mt-3\">\u2022\u00a0<span class=\"b2\">Cierre:\u00a0<\/span>Cremallera frontal de dos v\u00edas.<\/div>\n<div class=\"mt-3\">\u2022\u00a0<span class=\"b2\">BOLSILLOS:\u00a0<\/span>Abrigados bolsillos tipo canguro con bolsillo oculto con cremallera (a la derecha).<\/div>\n<div class=\"mt-3\">\u2022\u00a0Incluye protecci\u00f3n D3O<sup>\u00ae<\/sup>\u00a0Ghost<sup>\u2122<\/sup>\u00a0Armor EN 1621-1 en los hombros y los codos (98104-22VR y 98103-22VR). Protecci\u00f3n trasera D3O<sup>\u00ae<\/sup>\u00a0Viper con certificaci\u00f3n EN 1621-2 (98105-22VR, se vende por separado). Resistente a la abrasi\u00f3n. Material reflectante 3M<sup>\u2122<\/sup>\u00a0Scotchlite<sup>\u2122<\/sup>\u00a0en la espalda.<\/div>\n<div class=\"mt-3\">\u2022\u00a0<span class=\"b2\">Detalles de dise\u00f1o:\u00a0<\/span>Colorblock estilo casual en contraste en el pecho, la espalda y las mangas. Capucha con cremallera para reducir la resistencia mientras conduces.<\/div>\n<div class=\"mt-3\">\u2022\u00a0<span class=\"b2\">Gr\u00e1ficos:\u00a0<\/span>Bordado directo.<\/div>\n<div class=\"mt-3\">\u2022\u00a0<span class=\"b2\">Certification:\u00a0<\/span>Con certificaci\u00f3n EN 17092-4:2020.<\/div>\n","protected":false},"excerpt":{"rendered":"<p>El estilo entusiasta se combina con la protecci\u00f3n funcional en nuestra H-D<sup>\u00ae<\/sup>\u00a0Trenton Deflector 2.0 Hooded Riding Fleece. Esta chamarra de motociclista, probada y certificada, cumple con los requisitos de resistencia a la abrasi\u00f3n y al desgarro, y de refuerzo en las costuras. Tiene D3O<sup>\u00ae<\/sup>\u00a0Ghost<sup>\u2122<\/sup>\u00a0Armor para protegerte en los hombros y los codos. Tambi\u00e9n hemos ampliado el \u00e1rea de ventilaci\u00f3n para que fluya m\u00e1s el aire, hemos agregado material reflectante para mejorar la visibilidad y un bolsillo seguro con cremallera al bolsillo tipo canguro de la derecha. Esta prenda, confeccionada con material pesado, tiene un forro de malla que permite el paso del aire, es resistente al viento, y tiene una capucha con cord\u00f3n ajustable y un cierre con cremallera para reducir la resistencia mientras conduces. Los audaces recortes en contraste y nuestra marca bordada le dan un look m\u00e1s moderno inspirado en la carretera. Consulta m\u00e1s especificaciones a continuaci\u00f3n y luego pide la tuya antes de que se agoten las existencias.<\/p>\n","protected":false},"featured_media":47435,"template":"","meta":[],"product_brand":[],"product_cat":[61,25],"product_tag":[],"class_list":{"0":"post-47426","1":"product","2":"type-product","3":"status-publish","4":"has-post-thumbnail","6":"product_cat-chamarra-para-rodar-mujer","7":"product_cat-mujer","8":"pa_talla-l","9":"pa_talla-m","10":"pa_talla-xl","12":"first","13":"instock","14":"taxable","15":"shipping-taxable","16":"purchasable","17":"product-type-variable"},"yoast_head":"<!-- This site is optimized with the Yoast SEO plugin v27.4 - https:\/\/yoast.com\/product\/yoast-seo-wordpress\/ -->\n<title>CHAMARRA PAR MUJER HARLEY-DAVIDSON TRENTON DEFLECTOR 2.0 - Tienda oficial H-D Toluca<\/title>\n<meta name=\"robots\" content=\"index, follow, max-snippet:-1, max-image-preview:large, max-video-preview:-1\" \/>\n<link rel=\"canonical\" href=\"https:\/\/harleydavidsontoluca.com\/shop\/producto\/chamarra-par-mujer-harley-davidson-trenton-deflector-2-0\/\" \/>\n<meta property=\"og:locale\" content=\"es_MX\" \/>\n<meta property=\"og:type\" content=\"article\" \/>\n<meta property=\"og:title\" content=\"CHAMARRA PAR MUJER HARLEY-DAVIDSON TRENTON DEFLECTOR 2.0 - Tienda oficial H-D Toluca\" \/>\n<meta property=\"og:description\" content=\"El estilo entusiasta se combina con la protecci\u00f3n funcional en nuestra H-D\u00ae\u00a0Trenton Deflector 2.0 Hooded Riding Fleece. Esta chamarra de motociclista, probada y certificada, cumple con los requisitos de resistencia a la abrasi\u00f3n y al desgarro, y de refuerzo en las costuras. Tiene D3O\u00ae\u00a0Ghost\u2122\u00a0Armor para protegerte en los hombros y los codos. Tambi\u00e9n hemos ampliado el \u00e1rea de ventilaci\u00f3n para que fluya m\u00e1s el aire, hemos agregado material reflectante para mejorar la visibilidad y un bolsillo seguro con cremallera al bolsillo tipo canguro de la derecha. Esta prenda, confeccionada con material pesado, tiene un forro de malla que permite el paso del aire, es resistente al viento, y tiene una capucha con cord\u00f3n ajustable y un cierre con cremallera para reducir la resistencia mientras conduces. Los audaces recortes en contraste y nuestra marca bordada le dan un look m\u00e1s moderno inspirado en la carretera. Consulta m\u00e1s especificaciones a continuaci\u00f3n y luego pide la tuya antes de que se agoten las existencias.\" \/>\n<meta property=\"og:url\" content=\"https:\/\/harleydavidsontoluca.com\/shop\/producto\/chamarra-par-mujer-harley-davidson-trenton-deflector-2-0\/\" \/>\n<meta property=\"og:site_name\" content=\"Tienda oficial H-D Toluca\" \/>\n<meta property=\"article:publisher\" content=\"https:\/\/www.facebook.com\/HarleyDavidsonToluca\" \/>\n<meta property=\"article:modified_time\" content=\"2025-12-19T22:40:22+00:00\" \/>\n<meta property=\"og:image\" content=\"https:\/\/harleydavidsontoluca.com\/shop\/wp-content\/uploads\/2025\/04\/Untitled-Project-2025-04-13T142340.049-1.jpg\" \/>\n\t<meta property=\"og:image:width\" content=\"1080\" \/>\n\t<meta property=\"og:image:height\" content=\"1080\" \/>\n\t<meta property=\"og:image:type\" content=\"image\/jpeg\" \/>\n<meta name=\"twitter:card\" content=\"summary_large_image\" \/>\n<meta name=\"twitter:label1\" content=\"Tiempo de lectura\" \/>\n\t<meta name=\"twitter:data1\" content=\"1 minuto\" \/>\n<script type=\"application\/ld+json\" class=\"yoast-schema-graph\">{\"@context\":\"https:\\\/\\\/schema.org\",\"@graph\":[{\"@type\":\"WebPage\",\"@id\":\"https:\\\/\\\/harleydavidsontoluca.com\\\/shop\\\/producto\\\/chamarra-par-mujer-harley-davidson-trenton-deflector-2-0\\\/\",\"url\":\"https:\\\/\\\/harleydavidsontoluca.com\\\/shop\\\/producto\\\/chamarra-par-mujer-harley-davidson-trenton-deflector-2-0\\\/\",\"name\":\"CHAMARRA PAR MUJER HARLEY-DAVIDSON TRENTON DEFLECTOR 2.0 - Tienda oficial H-D Toluca\",\"isPartOf\":{\"@id\":\"https:\\\/\\\/harleydavidsontoluca.com\\\/shop\\\/#website\"},\"primaryImageOfPage\":{\"@id\":\"https:\\\/\\\/harleydavidsontoluca.com\\\/shop\\\/producto\\\/chamarra-par-mujer-harley-davidson-trenton-deflector-2-0\\\/#primaryimage\"},\"image\":{\"@id\":\"https:\\\/\\\/harleydavidsontoluca.com\\\/shop\\\/producto\\\/chamarra-par-mujer-harley-davidson-trenton-deflector-2-0\\\/#primaryimage\"},\"thumbnailUrl\":\"https:\\\/\\\/harleydavidsontoluca.com\\\/shop\\\/wp-content\\\/uploads\\\/2025\\\/04\\\/Untitled-Project-2025-04-13T142340.049-1.jpg\",\"datePublished\":\"2025-04-13T19:26:20+00:00\",\"dateModified\":\"2025-12-19T22:40:22+00:00\",\"breadcrumb\":{\"@id\":\"https:\\\/\\\/harleydavidsontoluca.com\\\/shop\\\/producto\\\/chamarra-par-mujer-harley-davidson-trenton-deflector-2-0\\\/#breadcrumb\"},\"inLanguage\":\"es\",\"potentialAction\":[{\"@type\":\"ReadAction\",\"target\":[\"https:\\\/\\\/harleydavidsontoluca.com\\\/shop\\\/producto\\\/chamarra-par-mujer-harley-davidson-trenton-deflector-2-0\\\/\"]}]},{\"@type\":\"ImageObject\",\"inLanguage\":\"es\",\"@id\":\"https:\\\/\\\/harleydavidsontoluca.com\\\/shop\\\/producto\\\/chamarra-par-mujer-harley-davidson-trenton-deflector-2-0\\\/#primaryimage\",\"url\":\"https:\\\/\\\/harleydavidsontoluca.com\\\/shop\\\/wp-content\\\/uploads\\\/2025\\\/04\\\/Untitled-Project-2025-04-13T142340.049-1.jpg\",\"contentUrl\":\"https:\\\/\\\/harleydavidsontoluca.com\\\/shop\\\/wp-content\\\/uploads\\\/2025\\\/04\\\/Untitled-Project-2025-04-13T142340.049-1.jpg\",\"width\":1080,\"height\":1080},{\"@type\":\"BreadcrumbList\",\"@id\":\"https:\\\/\\\/harleydavidsontoluca.com\\\/shop\\\/producto\\\/chamarra-par-mujer-harley-davidson-trenton-deflector-2-0\\\/#breadcrumb\",\"itemListElement\":[{\"@type\":\"ListItem\",\"position\":1,\"name\":\"Portada\",\"item\":\"https:\\\/\\\/harleydavidsontoluca.com\\\/shop\\\/\"},{\"@type\":\"ListItem\",\"position\":2,\"name\":\"Tienda\",\"item\":\"https:\\\/\\\/harleydavidsontoluca.com\\\/shop\\\/tienda\\\/\"},{\"@type\":\"ListItem\",\"position\":3,\"name\":\"CHAMARRA PAR MUJER HARLEY-DAVIDSON TRENTON DEFLECTOR 2.0\"}]},{\"@type\":\"WebSite\",\"@id\":\"https:\\\/\\\/harleydavidsontoluca.com\\\/shop\\\/#website\",\"url\":\"https:\\\/\\\/harleydavidsontoluca.com\\\/shop\\\/\",\"name\":\"Shop H-D Toluca\",\"description\":\"Shop H-D Toluca\",\"publisher\":{\"@id\":\"https:\\\/\\\/harleydavidsontoluca.com\\\/shop\\\/#organization\"},\"potentialAction\":[{\"@type\":\"SearchAction\",\"target\":{\"@type\":\"EntryPoint\",\"urlTemplate\":\"https:\\\/\\\/harleydavidsontoluca.com\\\/shop\\\/?s={search_term_string}\"},\"query-input\":{\"@type\":\"PropertyValueSpecification\",\"valueRequired\":true,\"valueName\":\"search_term_string\"}}],\"inLanguage\":\"es\"},{\"@type\":\"Organization\",\"@id\":\"https:\\\/\\\/harleydavidsontoluca.com\\\/shop\\\/#organization\",\"name\":\"Concesionaria Central de Motos\",\"url\":\"https:\\\/\\\/harleydavidsontoluca.com\\\/shop\\\/\",\"logo\":{\"@type\":\"ImageObject\",\"inLanguage\":\"es\",\"@id\":\"https:\\\/\\\/harleydavidsontoluca.com\\\/shop\\\/#\\\/schema\\\/logo\\\/image\\\/\",\"url\":\"https:\\\/\\\/harleydavidsontoluca.com\\\/shop\\\/wp-content\\\/uploads\\\/2024\\\/02\\\/cropped-Logo-512.png\",\"contentUrl\":\"https:\\\/\\\/harleydavidsontoluca.com\\\/shop\\\/wp-content\\\/uploads\\\/2024\\\/02\\\/cropped-Logo-512.png\",\"width\":512,\"height\":512,\"caption\":\"Concesionaria Central de Motos\"},\"image\":{\"@id\":\"https:\\\/\\\/harleydavidsontoluca.com\\\/shop\\\/#\\\/schema\\\/logo\\\/image\\\/\"},\"sameAs\":[\"https:\\\/\\\/www.facebook.com\\\/HarleyDavidsonToluca\",\"https:\\\/\\\/www.instagram.com\\\/hdtoluca\\\/\"]}]}<\/script>\n<!-- \/ Yoast SEO plugin. -->","yoast_head_json":{"title":"CHAMARRA PAR MUJER HARLEY-DAVIDSON TRENTON DEFLECTOR 2.0 - Tienda oficial H-D Toluca","robots":{"index":"index","follow":"follow","max-snippet":"max-snippet:-1","max-image-preview":"max-image-preview:large","max-video-preview":"max-video-preview:-1"},"canonical":"https:\/\/harleydavidsontoluca.com\/shop\/producto\/chamarra-par-mujer-harley-davidson-trenton-deflector-2-0\/","og_locale":"es_MX","og_type":"article","og_title":"CHAMARRA PAR MUJER HARLEY-DAVIDSON TRENTON DEFLECTOR 2.0 - Tienda oficial H-D Toluca","og_description":"El estilo entusiasta se combina con la protecci\u00f3n funcional en nuestra H-D\u00ae\u00a0Trenton Deflector 2.0 Hooded Riding Fleece. Esta chamarra de motociclista, probada y certificada, cumple con los requisitos de resistencia a la abrasi\u00f3n y al desgarro, y de refuerzo en las costuras. Tiene D3O\u00ae\u00a0Ghost\u2122\u00a0Armor para protegerte en los hombros y los codos. Tambi\u00e9n hemos ampliado el \u00e1rea de ventilaci\u00f3n para que fluya m\u00e1s el aire, hemos agregado material reflectante para mejorar la visibilidad y un bolsillo seguro con cremallera al bolsillo tipo canguro de la derecha. Esta prenda, confeccionada con material pesado, tiene un forro de malla que permite el paso del aire, es resistente al viento, y tiene una capucha con cord\u00f3n ajustable y un cierre con cremallera para reducir la resistencia mientras conduces. Los audaces recortes en contraste y nuestra marca bordada le dan un look m\u00e1s moderno inspirado en la carretera. Consulta m\u00e1s especificaciones a continuaci\u00f3n y luego pide la tuya antes de que se agoten las existencias.","og_url":"https:\/\/harleydavidsontoluca.com\/shop\/producto\/chamarra-par-mujer-harley-davidson-trenton-deflector-2-0\/","og_site_name":"Tienda oficial H-D Toluca","article_publisher":"https:\/\/www.facebook.com\/HarleyDavidsonToluca","article_modified_time":"2025-12-19T22:40:22+00:00","og_image":[{"width":1080,"height":1080,"url":"https:\/\/harleydavidsontoluca.com\/shop\/wp-content\/uploads\/2025\/04\/Untitled-Project-2025-04-13T142340.049-1.jpg","type":"image\/jpeg"}],"twitter_card":"summary_large_image","twitter_misc":{"Tiempo de lectura":"1 minuto"},"schema":{"@context":"https:\/\/schema.org","@graph":[{"@type":"WebPage","@id":"https:\/\/harleydavidsontoluca.com\/shop\/producto\/chamarra-par-mujer-harley-davidson-trenton-deflector-2-0\/","url":"https:\/\/harleydavidsontoluca.com\/shop\/producto\/chamarra-par-mujer-harley-davidson-trenton-deflector-2-0\/","name":"CHAMARRA PAR MUJER HARLEY-DAVIDSON TRENTON DEFLECTOR 2.0 - Tienda oficial H-D Toluca","isPartOf":{"@id":"https:\/\/harleydavidsontoluca.com\/shop\/#website"},"primaryImageOfPage":{"@id":"https:\/\/harleydavidsontoluca.com\/shop\/producto\/chamarra-par-mujer-harley-davidson-trenton-deflector-2-0\/#primaryimage"},"image":{"@id":"https:\/\/harleydavidsontoluca.com\/shop\/producto\/chamarra-par-mujer-harley-davidson-trenton-deflector-2-0\/#primaryimage"},"thumbnailUrl":"https:\/\/harleydavidsontoluca.com\/shop\/wp-content\/uploads\/2025\/04\/Untitled-Project-2025-04-13T142340.049-1.jpg","datePublished":"2025-04-13T19:26:20+00:00","dateModified":"2025-12-19T22:40:22+00:00","breadcrumb":{"@id":"https:\/\/harleydavidsontoluca.com\/shop\/producto\/chamarra-par-mujer-harley-davidson-trenton-deflector-2-0\/#breadcrumb"},"inLanguage":"es","potentialAction":[{"@type":"ReadAction","target":["https:\/\/harleydavidsontoluca.com\/shop\/producto\/chamarra-par-mujer-harley-davidson-trenton-deflector-2-0\/"]}]},{"@type":"ImageObject","inLanguage":"es","@id":"https:\/\/harleydavidsontoluca.com\/shop\/producto\/chamarra-par-mujer-harley-davidson-trenton-deflector-2-0\/#primaryimage","url":"https:\/\/harleydavidsontoluca.com\/shop\/wp-content\/uploads\/2025\/04\/Untitled-Project-2025-04-13T142340.049-1.jpg","contentUrl":"https:\/\/harleydavidsontoluca.com\/shop\/wp-content\/uploads\/2025\/04\/Untitled-Project-2025-04-13T142340.049-1.jpg","width":1080,"height":1080},{"@type":"BreadcrumbList","@id":"https:\/\/harleydavidsontoluca.com\/shop\/producto\/chamarra-par-mujer-harley-davidson-trenton-deflector-2-0\/#breadcrumb","itemListElement":[{"@type":"ListItem","position":1,"name":"Portada","item":"https:\/\/harleydavidsontoluca.com\/shop\/"},{"@type":"ListItem","position":2,"name":"Tienda","item":"https:\/\/harleydavidsontoluca.com\/shop\/tienda\/"},{"@type":"ListItem","position":3,"name":"CHAMARRA PAR MUJER HARLEY-DAVIDSON TRENTON DEFLECTOR 2.0"}]},{"@type":"WebSite","@id":"https:\/\/harleydavidsontoluca.com\/shop\/#website","url":"https:\/\/harleydavidsontoluca.com\/shop\/","name":"Shop H-D Toluca","description":"Shop H-D Toluca","publisher":{"@id":"https:\/\/harleydavidsontoluca.com\/shop\/#organization"},"potentialAction":[{"@type":"SearchAction","target":{"@type":"EntryPoint","urlTemplate":"https:\/\/harleydavidsontoluca.com\/shop\/?s={search_term_string}"},"query-input":{"@type":"PropertyValueSpecification","valueRequired":true,"valueName":"search_term_string"}}],"inLanguage":"es"},{"@type":"Organization","@id":"https:\/\/harleydavidsontoluca.com\/shop\/#organization","name":"Concesionaria Central de Motos","url":"https:\/\/harleydavidsontoluca.com\/shop\/","logo":{"@type":"ImageObject","inLanguage":"es","@id":"https:\/\/harleydavidsontoluca.com\/shop\/#\/schema\/logo\/image\/","url":"https:\/\/harleydavidsontoluca.com\/shop\/wp-content\/uploads\/2024\/02\/cropped-Logo-512.png","contentUrl":"https:\/\/harleydavidsontoluca.com\/shop\/wp-content\/uploads\/2024\/02\/cropped-Logo-512.png","width":512,"height":512,"caption":"Concesionaria Central de Motos"},"image":{"@id":"https:\/\/harleydavidsontoluca.com\/shop\/#\/schema\/logo\/image\/"},"sameAs":["https:\/\/www.facebook.com\/HarleyDavidsonToluca","https:\/\/www.instagram.com\/hdtoluca\/"]}]}},"_links":{"self":[{"href":"https:\/\/harleydavidsontoluca.com\/shop\/wp-json\/wp\/v2\/product\/47426","targetHints":{"allow":["GET"]}}],"collection":[{"href":"https:\/\/harleydavidsontoluca.com\/shop\/wp-json\/wp\/v2\/product"}],"about":[{"href":"https:\/\/harleydavidsontoluca.com\/shop\/wp-json\/wp\/v2\/types\/product"}],"wp:featuredmedia":[{"embeddable":true,"href":"https:\/\/harleydavidsontoluca.com\/shop\/wp-json\/wp\/v2\/media\/47435"}],"wp:attachment":[{"href":"https:\/\/harleydavidsontoluca.com\/shop\/wp-json\/wp\/v2\/media?parent=47426"}],"wp:term":[{"taxonomy":"product_brand","embeddable":true,"href":"https:\/\/harleydavidsontoluca.com\/shop\/wp-json\/wp\/v2\/product_brand?post=47426"},{"taxonomy":"product_cat","embeddable":true,"href":"https:\/\/harleydavidsontoluca.com\/shop\/wp-json\/wp\/v2\/product_cat?post=47426"},{"taxonomy":"product_tag","embeddable":true,"href":"https:\/\/harleydavidsontoluca.com\/shop\/wp-json\/wp\/v2\/product_tag?post=47426"}],"curies":[{"name":"wp","href":"https:\/\/api.w.org\/{rel}","templated":true}]}}