
{"id":46292,"date":"2024-09-25T13:27:32","date_gmt":"2024-09-25T18:27:32","guid":{"rendered":"https:\/\/harleydavidsontoluca.com\/shop\/?post_type=product&#038;p=46292"},"modified":"2025-05-06T14:46:11","modified_gmt":"2025-05-06T19:46:11","slug":"guantes-para-hombre-south-leather","status":"publish","type":"product","link":"https:\/\/harleydavidsontoluca.com\/shop\/producto\/guantes-para-hombre-south-leather\/","title":{"rendered":"GUANTES PARA HOMBRE- SOUTH LEATHER"},"content":{"rendered":"<pre id=\"tw-target-text\" class=\"tw-data-text tw-text-large tw-ta\" dir=\"ltr\" data-placeholder=\"Traducci\u00f3n\" data-ved=\"2ahUKEwjqq-3h2t6IAxW-IkQIHRCoDA0Q3ewLegQICBAU\" aria-label=\"Texto traducido: \u2022 Ajuste y movilidad: costuras c\u00f3modas. Dedos precurvados a 30\u00b0. Cierre de mu\u00f1eca con velcro\u00ae.\r\n\u2022 Materiales: Piel caprina, forro tricot 100 % poli\u00e9ster.\r\n\u2022 Caracter\u00edsticas adicionales: Palma acolchada compatible con pantallas t\u00e1ctiles. Material reflectante 3M Scotchlite que proporciona mayor visibilidad.\r\n\u2022 Detalles de Dise\u00f1o: Franja de H-D\u00ae en el dorso de la mano.\r\n\u2022 Gr\u00e1ficos: Bordado directo.\"><span class=\"Y2IQFc\" lang=\"es\">\u2022 Ajuste y movilidad: costuras c\u00f3modas. Dedos precurvados a 30\u00b0. Cierre de mu\u00f1eca con velcro\u00ae.\r\n\u2022 Materiales: Piel caprina, forro tricot 100 % poli\u00e9ster.\r\n\u2022 Caracter\u00edsticas adicionales: Palma acolchada compatible con pantallas t\u00e1ctiles. Material reflectante 3M Scotchlite que proporciona mayor visibilidad.\r\n\u2022 Detalles de Dise\u00f1o: Franja de H-D\u00ae en el dorso de la mano.\r\n\u2022 Gr\u00e1ficos: Bordado directo.<\/span><\/pre>\n","protected":false},"excerpt":{"rendered":"<pre id=\"tw-target-text\" class=\"tw-data-text tw-text-large tw-ta\" dir=\"ltr\" data-placeholder=\"Traducci\u00f3n\" data-ved=\"2ahUKEwjqq-3h2t6IAxW-IkQIHRCoDA0Q3ewLegQICBAU\" aria-label=\"Texto traducido: Mantenga un agarre firme y c\u00f3modo con nuestros guantes de cuero South Shore. Estos guantes, construidos en cuero de cabra y forro de tricot de poli\u00e9ster transpirable, son compatibles con pantallas t\u00e1ctiles, cuentan con costuras c\u00f3modas, dedos precurvados para un mejor agarre y cierre de velcro en la mu\u00f1eca para lograr un ajuste ideal. Su palma acolchada de nivel 2 minimiza el ruido de la carretera y el material reflectante favorece la visibilidad. Las rayas de H-D le dan un toque de estilo en contraste.\"><span class=\"Y2IQFc\" lang=\"es\">Mantenga un agarre firme y c\u00f3modo con nuestros guantes de cuero South Shore. Estos guantes, construidos en cuero de cabra y forro de tricot de poli\u00e9ster transpirable, son compatibles con pantallas t\u00e1ctiles, cuentan con costuras c\u00f3modas, dedos precurvados para un mejor agarre y cierre de velcro en la mu\u00f1eca para lograr un ajuste ideal. Su palma acolchada de nivel 2 minimiza el ruido de la carretera y el material reflectante favorece la visibilidad. Las rayas de H-D le dan un toque de estilo en contraste.<\/span><\/pre>\n","protected":false},"featured_media":46296,"template":"","meta":[],"product_brand":[],"product_cat":[37,24],"product_tag":[],"class_list":{"0":"post-46292","1":"product","2":"type-product","3":"status-publish","4":"has-post-thumbnail","6":"product_cat-guantes","7":"product_cat-hombre","8":"pa_talla-l","9":"pa_talla-m","10":"pa_talla-xl","12":"first","13":"instock","14":"taxable","15":"shipping-taxable","16":"purchasable","17":"product-type-variable"},"yoast_head":"<!-- This site is optimized with the Yoast SEO plugin v27.5 - https:\/\/yoast.com\/product\/yoast-seo-wordpress\/ -->\n<title>GUANTES PARA HOMBRE- SOUTH LEATHER - Tienda oficial H-D Toluca<\/title>\n<meta name=\"robots\" content=\"index, follow, max-snippet:-1, max-image-preview:large, max-video-preview:-1\" \/>\n<link rel=\"canonical\" href=\"https:\/\/harleydavidsontoluca.com\/shop\/producto\/guantes-para-hombre-south-leather\/\" \/>\n<meta property=\"og:locale\" content=\"es_MX\" \/>\n<meta property=\"og:type\" content=\"article\" \/>\n<meta property=\"og:title\" content=\"GUANTES PARA HOMBRE- SOUTH LEATHER - Tienda oficial H-D Toluca\" \/>\n<meta property=\"og:description\" content=\"Mantenga un agarre firme y c\u00f3modo con nuestros guantes de cuero South Shore. Estos guantes, construidos en cuero de cabra y forro de tricot de poli\u00e9ster transpirable, son compatibles con pantallas t\u00e1ctiles, cuentan con costuras c\u00f3modas, dedos precurvados para un mejor agarre y cierre de velcro en la mu\u00f1eca para lograr un ajuste ideal. Su palma acolchada de nivel 2 minimiza el ruido de la carretera y el material reflectante favorece la visibilidad. Las rayas de H-D le dan un toque de estilo en contraste.\" \/>\n<meta property=\"og:url\" content=\"https:\/\/harleydavidsontoluca.com\/shop\/producto\/guantes-para-hombre-south-leather\/\" \/>\n<meta property=\"og:site_name\" content=\"Tienda oficial H-D Toluca\" \/>\n<meta property=\"article:publisher\" content=\"https:\/\/www.facebook.com\/HarleyDavidsonToluca\" \/>\n<meta property=\"article:modified_time\" content=\"2025-05-06T19:46:11+00:00\" \/>\n<meta property=\"og:image\" content=\"https:\/\/harleydavidsontoluca.com\/shop\/wp-content\/uploads\/2024\/09\/Untitled-Project-2024-09-25T132709.451.jpg\" \/>\n\t<meta property=\"og:image:width\" content=\"1080\" \/>\n\t<meta property=\"og:image:height\" content=\"1080\" \/>\n\t<meta property=\"og:image:type\" content=\"image\/jpeg\" \/>\n<meta name=\"twitter:card\" content=\"summary_large_image\" \/>\n<meta name=\"twitter:label1\" content=\"Tiempo de lectura\" \/>\n\t<meta name=\"twitter:data1\" content=\"1 minuto\" \/>\n<script type=\"application\/ld+json\" class=\"yoast-schema-graph\">{\"@context\":\"https:\\\/\\\/schema.org\",\"@graph\":[{\"@type\":\"WebPage\",\"@id\":\"https:\\\/\\\/harleydavidsontoluca.com\\\/shop\\\/producto\\\/guantes-para-hombre-south-leather\\\/\",\"url\":\"https:\\\/\\\/harleydavidsontoluca.com\\\/shop\\\/producto\\\/guantes-para-hombre-south-leather\\\/\",\"name\":\"GUANTES PARA HOMBRE- SOUTH LEATHER - Tienda oficial H-D Toluca\",\"isPartOf\":{\"@id\":\"https:\\\/\\\/harleydavidsontoluca.com\\\/shop\\\/#website\"},\"primaryImageOfPage\":{\"@id\":\"https:\\\/\\\/harleydavidsontoluca.com\\\/shop\\\/producto\\\/guantes-para-hombre-south-leather\\\/#primaryimage\"},\"image\":{\"@id\":\"https:\\\/\\\/harleydavidsontoluca.com\\\/shop\\\/producto\\\/guantes-para-hombre-south-leather\\\/#primaryimage\"},\"thumbnailUrl\":\"https:\\\/\\\/harleydavidsontoluca.com\\\/shop\\\/wp-content\\\/uploads\\\/2024\\\/09\\\/Untitled-Project-2024-09-25T132709.451.jpg\",\"datePublished\":\"2024-09-25T18:27:32+00:00\",\"dateModified\":\"2025-05-06T19:46:11+00:00\",\"breadcrumb\":{\"@id\":\"https:\\\/\\\/harleydavidsontoluca.com\\\/shop\\\/producto\\\/guantes-para-hombre-south-leather\\\/#breadcrumb\"},\"inLanguage\":\"es\",\"potentialAction\":[{\"@type\":\"ReadAction\",\"target\":[\"https:\\\/\\\/harleydavidsontoluca.com\\\/shop\\\/producto\\\/guantes-para-hombre-south-leather\\\/\"]}]},{\"@type\":\"ImageObject\",\"inLanguage\":\"es\",\"@id\":\"https:\\\/\\\/harleydavidsontoluca.com\\\/shop\\\/producto\\\/guantes-para-hombre-south-leather\\\/#primaryimage\",\"url\":\"https:\\\/\\\/harleydavidsontoluca.com\\\/shop\\\/wp-content\\\/uploads\\\/2024\\\/09\\\/Untitled-Project-2024-09-25T132709.451.jpg\",\"contentUrl\":\"https:\\\/\\\/harleydavidsontoluca.com\\\/shop\\\/wp-content\\\/uploads\\\/2024\\\/09\\\/Untitled-Project-2024-09-25T132709.451.jpg\",\"width\":1080,\"height\":1080},{\"@type\":\"BreadcrumbList\",\"@id\":\"https:\\\/\\\/harleydavidsontoluca.com\\\/shop\\\/producto\\\/guantes-para-hombre-south-leather\\\/#breadcrumb\",\"itemListElement\":[{\"@type\":\"ListItem\",\"position\":1,\"name\":\"Portada\",\"item\":\"https:\\\/\\\/harleydavidsontoluca.com\\\/shop\\\/\"},{\"@type\":\"ListItem\",\"position\":2,\"name\":\"Tienda\",\"item\":\"https:\\\/\\\/harleydavidsontoluca.com\\\/shop\\\/tienda\\\/\"},{\"@type\":\"ListItem\",\"position\":3,\"name\":\"GUANTES PARA HOMBRE- SOUTH LEATHER\"}]},{\"@type\":\"WebSite\",\"@id\":\"https:\\\/\\\/harleydavidsontoluca.com\\\/shop\\\/#website\",\"url\":\"https:\\\/\\\/harleydavidsontoluca.com\\\/shop\\\/\",\"name\":\"Shop H-D Toluca\",\"description\":\"Shop H-D Toluca\",\"publisher\":{\"@id\":\"https:\\\/\\\/harleydavidsontoluca.com\\\/shop\\\/#organization\"},\"potentialAction\":[{\"@type\":\"SearchAction\",\"target\":{\"@type\":\"EntryPoint\",\"urlTemplate\":\"https:\\\/\\\/harleydavidsontoluca.com\\\/shop\\\/?s={search_term_string}\"},\"query-input\":{\"@type\":\"PropertyValueSpecification\",\"valueRequired\":true,\"valueName\":\"search_term_string\"}}],\"inLanguage\":\"es\"},{\"@type\":\"Organization\",\"@id\":\"https:\\\/\\\/harleydavidsontoluca.com\\\/shop\\\/#organization\",\"name\":\"Concesionaria Central de Motos\",\"url\":\"https:\\\/\\\/harleydavidsontoluca.com\\\/shop\\\/\",\"logo\":{\"@type\":\"ImageObject\",\"inLanguage\":\"es\",\"@id\":\"https:\\\/\\\/harleydavidsontoluca.com\\\/shop\\\/#\\\/schema\\\/logo\\\/image\\\/\",\"url\":\"https:\\\/\\\/harleydavidsontoluca.com\\\/shop\\\/wp-content\\\/uploads\\\/2024\\\/02\\\/cropped-Logo-512.png\",\"contentUrl\":\"https:\\\/\\\/harleydavidsontoluca.com\\\/shop\\\/wp-content\\\/uploads\\\/2024\\\/02\\\/cropped-Logo-512.png\",\"width\":512,\"height\":512,\"caption\":\"Concesionaria Central de Motos\"},\"image\":{\"@id\":\"https:\\\/\\\/harleydavidsontoluca.com\\\/shop\\\/#\\\/schema\\\/logo\\\/image\\\/\"},\"sameAs\":[\"https:\\\/\\\/www.facebook.com\\\/HarleyDavidsonToluca\",\"https:\\\/\\\/www.instagram.com\\\/hdtoluca\\\/\"]}]}<\/script>\n<!-- \/ Yoast SEO plugin. -->","yoast_head_json":{"title":"GUANTES PARA HOMBRE- SOUTH LEATHER - Tienda oficial H-D Toluca","robots":{"index":"index","follow":"follow","max-snippet":"max-snippet:-1","max-image-preview":"max-image-preview:large","max-video-preview":"max-video-preview:-1"},"canonical":"https:\/\/harleydavidsontoluca.com\/shop\/producto\/guantes-para-hombre-south-leather\/","og_locale":"es_MX","og_type":"article","og_title":"GUANTES PARA HOMBRE- SOUTH LEATHER - Tienda oficial H-D Toluca","og_description":"Mantenga un agarre firme y c\u00f3modo con nuestros guantes de cuero South Shore. Estos guantes, construidos en cuero de cabra y forro de tricot de poli\u00e9ster transpirable, son compatibles con pantallas t\u00e1ctiles, cuentan con costuras c\u00f3modas, dedos precurvados para un mejor agarre y cierre de velcro en la mu\u00f1eca para lograr un ajuste ideal. Su palma acolchada de nivel 2 minimiza el ruido de la carretera y el material reflectante favorece la visibilidad. Las rayas de H-D le dan un toque de estilo en contraste.","og_url":"https:\/\/harleydavidsontoluca.com\/shop\/producto\/guantes-para-hombre-south-leather\/","og_site_name":"Tienda oficial H-D Toluca","article_publisher":"https:\/\/www.facebook.com\/HarleyDavidsonToluca","article_modified_time":"2025-05-06T19:46:11+00:00","og_image":[{"width":1080,"height":1080,"url":"https:\/\/harleydavidsontoluca.com\/shop\/wp-content\/uploads\/2024\/09\/Untitled-Project-2024-09-25T132709.451.jpg","type":"image\/jpeg"}],"twitter_card":"summary_large_image","twitter_misc":{"Tiempo de lectura":"1 minuto"},"schema":{"@context":"https:\/\/schema.org","@graph":[{"@type":"WebPage","@id":"https:\/\/harleydavidsontoluca.com\/shop\/producto\/guantes-para-hombre-south-leather\/","url":"https:\/\/harleydavidsontoluca.com\/shop\/producto\/guantes-para-hombre-south-leather\/","name":"GUANTES PARA HOMBRE- SOUTH LEATHER - Tienda oficial H-D Toluca","isPartOf":{"@id":"https:\/\/harleydavidsontoluca.com\/shop\/#website"},"primaryImageOfPage":{"@id":"https:\/\/harleydavidsontoluca.com\/shop\/producto\/guantes-para-hombre-south-leather\/#primaryimage"},"image":{"@id":"https:\/\/harleydavidsontoluca.com\/shop\/producto\/guantes-para-hombre-south-leather\/#primaryimage"},"thumbnailUrl":"https:\/\/harleydavidsontoluca.com\/shop\/wp-content\/uploads\/2024\/09\/Untitled-Project-2024-09-25T132709.451.jpg","datePublished":"2024-09-25T18:27:32+00:00","dateModified":"2025-05-06T19:46:11+00:00","breadcrumb":{"@id":"https:\/\/harleydavidsontoluca.com\/shop\/producto\/guantes-para-hombre-south-leather\/#breadcrumb"},"inLanguage":"es","potentialAction":[{"@type":"ReadAction","target":["https:\/\/harleydavidsontoluca.com\/shop\/producto\/guantes-para-hombre-south-leather\/"]}]},{"@type":"ImageObject","inLanguage":"es","@id":"https:\/\/harleydavidsontoluca.com\/shop\/producto\/guantes-para-hombre-south-leather\/#primaryimage","url":"https:\/\/harleydavidsontoluca.com\/shop\/wp-content\/uploads\/2024\/09\/Untitled-Project-2024-09-25T132709.451.jpg","contentUrl":"https:\/\/harleydavidsontoluca.com\/shop\/wp-content\/uploads\/2024\/09\/Untitled-Project-2024-09-25T132709.451.jpg","width":1080,"height":1080},{"@type":"BreadcrumbList","@id":"https:\/\/harleydavidsontoluca.com\/shop\/producto\/guantes-para-hombre-south-leather\/#breadcrumb","itemListElement":[{"@type":"ListItem","position":1,"name":"Portada","item":"https:\/\/harleydavidsontoluca.com\/shop\/"},{"@type":"ListItem","position":2,"name":"Tienda","item":"https:\/\/harleydavidsontoluca.com\/shop\/tienda\/"},{"@type":"ListItem","position":3,"name":"GUANTES PARA HOMBRE- SOUTH LEATHER"}]},{"@type":"WebSite","@id":"https:\/\/harleydavidsontoluca.com\/shop\/#website","url":"https:\/\/harleydavidsontoluca.com\/shop\/","name":"Shop H-D Toluca","description":"Shop H-D Toluca","publisher":{"@id":"https:\/\/harleydavidsontoluca.com\/shop\/#organization"},"potentialAction":[{"@type":"SearchAction","target":{"@type":"EntryPoint","urlTemplate":"https:\/\/harleydavidsontoluca.com\/shop\/?s={search_term_string}"},"query-input":{"@type":"PropertyValueSpecification","valueRequired":true,"valueName":"search_term_string"}}],"inLanguage":"es"},{"@type":"Organization","@id":"https:\/\/harleydavidsontoluca.com\/shop\/#organization","name":"Concesionaria Central de Motos","url":"https:\/\/harleydavidsontoluca.com\/shop\/","logo":{"@type":"ImageObject","inLanguage":"es","@id":"https:\/\/harleydavidsontoluca.com\/shop\/#\/schema\/logo\/image\/","url":"https:\/\/harleydavidsontoluca.com\/shop\/wp-content\/uploads\/2024\/02\/cropped-Logo-512.png","contentUrl":"https:\/\/harleydavidsontoluca.com\/shop\/wp-content\/uploads\/2024\/02\/cropped-Logo-512.png","width":512,"height":512,"caption":"Concesionaria Central de Motos"},"image":{"@id":"https:\/\/harleydavidsontoluca.com\/shop\/#\/schema\/logo\/image\/"},"sameAs":["https:\/\/www.facebook.com\/HarleyDavidsonToluca","https:\/\/www.instagram.com\/hdtoluca\/"]}]}},"_links":{"self":[{"href":"https:\/\/harleydavidsontoluca.com\/shop\/wp-json\/wp\/v2\/product\/46292","targetHints":{"allow":["GET"]}}],"collection":[{"href":"https:\/\/harleydavidsontoluca.com\/shop\/wp-json\/wp\/v2\/product"}],"about":[{"href":"https:\/\/harleydavidsontoluca.com\/shop\/wp-json\/wp\/v2\/types\/product"}],"wp:featuredmedia":[{"embeddable":true,"href":"https:\/\/harleydavidsontoluca.com\/shop\/wp-json\/wp\/v2\/media\/46296"}],"wp:attachment":[{"href":"https:\/\/harleydavidsontoluca.com\/shop\/wp-json\/wp\/v2\/media?parent=46292"}],"wp:term":[{"taxonomy":"product_brand","embeddable":true,"href":"https:\/\/harleydavidsontoluca.com\/shop\/wp-json\/wp\/v2\/product_brand?post=46292"},{"taxonomy":"product_cat","embeddable":true,"href":"https:\/\/harleydavidsontoluca.com\/shop\/wp-json\/wp\/v2\/product_cat?post=46292"},{"taxonomy":"product_tag","embeddable":true,"href":"https:\/\/harleydavidsontoluca.com\/shop\/wp-json\/wp\/v2\/product_tag?post=46292"}],"curies":[{"name":"wp","href":"https:\/\/api.w.org\/{rel}","templated":true}]}}