
{"id":44031,"date":"2023-09-12T12:46:25","date_gmt":"2023-09-12T17:46:25","guid":{"rendered":"https:\/\/harleydavidsontoluca.com\/shop\/?post_type=product&#038;p=44031"},"modified":"2025-01-10T17:46:10","modified_gmt":"2025-01-10T23:46:10","slug":"play-division-x15-sunshield-full-face-helmet","status":"publish","type":"product","link":"https:\/\/harleydavidsontoluca.com\/shop\/producto\/play-division-x15-sunshield-full-face-helmet\/","title":{"rendered":"Play Division X15 Sunshield Full Face Helmet"},"content":{"rendered":"<p>Agregue a eso un conveniente sistema de protecci\u00f3n facial sin herramientas, un sistema de trinquete que tira de la protecci\u00f3n facial de forma segura contra el ojo y una visi\u00f3n m\u00e1s clara gracias a la tecnolog\u00eda avanzada sin empa\u00f1amiento. Acabado con un toque de nuestro ic\u00f3nico color naranja para lograr un look aut\u00e9ntico de Harley-Davidson. Obtenga m\u00e1s informaci\u00f3n en las especificaciones a continuaci\u00f3n y luego compre este estilo de casco pronto, ya que solo estar\u00e1 disponible hasta agotar existencias.<\/p>\n<p>\u2022 Caracter\u00edsticas adicionales: Carcasa de perfil bajo ajustada aerodin\u00e1micamente que minimiza tanto la sustentaci\u00f3n como la turbulencia para una conducci\u00f3n m\u00e1s suave, silenciosa y estable. Sistema de protecci\u00f3n facial extra\u00edble sin herramientas. El nuevo sistema de trinquete tira del protector de forma segura contra el ojo, asegurando un sellado adecuado. El protector facial cuenta con tecnolog\u00eda antivaho de \u00faltima generaci\u00f3n y protecci\u00f3n UV-A y UV-B.<br \/>\n\u2022 Fabricante y certificaci\u00f3n: Scorpion (Kido Sports Co., Ltd.), doble certificaci\u00f3n para cumplir con los requisitos del est\u00e1ndar de seguridad FMVSS 218 y ECE R22.06 del DOT.<\/p>\n","protected":false},"excerpt":{"rendered":"<p>Aerodin\u00e1micamente mejorado, sellado de forma segura y sin empa\u00f1amiento&#8230; esas son algunas de las razones por las que nuestro casco integral con protecci\u00f3n solar Divisi\u00f3n X15 de edici\u00f3n limitada es un nuevo favorito de m\u00e1xima cobertura. Su carcasa de perfil bajo est\u00e1 dise\u00f1ada para minimizar tanto la sustentaci\u00f3n como la turbulencia para una conducci\u00f3n m\u00e1s suave, silenciosa y establ<\/p>\n","protected":false},"featured_media":44034,"template":"","meta":[],"product_brand":[],"product_cat":[45,70,24,25],"product_tag":[],"class_list":{"0":"post-44031","1":"product","2":"type-product","3":"status-publish","4":"has-post-thumbnail","6":"product_cat-cascos","7":"product_cat-cascos-mujer","8":"product_cat-hombre","9":"product_cat-mujer","10":"pa_talla-grande","11":"pa_talla-l","12":"pa_talla-m","13":"pa_talla-s","14":"pa_talla-unitalla","15":"pa_talla-xl","16":"pa_talla-xs","17":"pa_talla-xxl","18":"pa_talla-xxxl","20":"first","21":"outofstock","22":"taxable","23":"shipping-taxable","24":"product-type-variable"},"yoast_head":"<!-- This site is optimized with the Yoast SEO plugin v27.5 - https:\/\/yoast.com\/product\/yoast-seo-wordpress\/ -->\n<title>Play Division X15 Sunshield Full Face Helmet - Tienda oficial H-D Toluca<\/title>\n<meta name=\"robots\" content=\"index, follow, max-snippet:-1, max-image-preview:large, max-video-preview:-1\" \/>\n<link rel=\"canonical\" href=\"https:\/\/harleydavidsontoluca.com\/shop\/producto\/play-division-x15-sunshield-full-face-helmet\/\" \/>\n<meta property=\"og:locale\" content=\"es_MX\" \/>\n<meta property=\"og:type\" content=\"article\" \/>\n<meta property=\"og:title\" content=\"Play Division X15 Sunshield Full Face Helmet - Tienda oficial H-D Toluca\" \/>\n<meta property=\"og:description\" content=\"Aerodin\u00e1micamente mejorado, sellado de forma segura y sin empa\u00f1amiento... esas son algunas de las razones por las que nuestro casco integral con protecci\u00f3n solar Divisi\u00f3n X15 de edici\u00f3n limitada es un nuevo favorito de m\u00e1xima cobertura. Su carcasa de perfil bajo est\u00e1 dise\u00f1ada para minimizar tanto la sustentaci\u00f3n como la turbulencia para una conducci\u00f3n m\u00e1s suave, silenciosa y establ\" \/>\n<meta property=\"og:url\" content=\"https:\/\/harleydavidsontoluca.com\/shop\/producto\/play-division-x15-sunshield-full-face-helmet\/\" \/>\n<meta property=\"og:site_name\" content=\"Tienda oficial H-D Toluca\" \/>\n<meta property=\"article:publisher\" content=\"https:\/\/www.facebook.com\/HarleyDavidsonToluca\" \/>\n<meta property=\"article:modified_time\" content=\"2025-01-10T23:46:10+00:00\" \/>\n<meta property=\"og:image\" content=\"https:\/\/harleydavidsontoluca.com\/shop\/wp-content\/uploads\/2023\/09\/98117-24VX-3.jpg\" \/>\n\t<meta property=\"og:image:width\" content=\"750\" \/>\n\t<meta property=\"og:image:height\" content=\"789\" \/>\n\t<meta property=\"og:image:type\" content=\"image\/jpeg\" \/>\n<meta name=\"twitter:card\" content=\"summary_large_image\" \/>\n<meta name=\"twitter:label1\" content=\"Tiempo de lectura\" \/>\n\t<meta name=\"twitter:data1\" content=\"1 minuto\" \/>\n<script type=\"application\/ld+json\" class=\"yoast-schema-graph\">{\"@context\":\"https:\\\/\\\/schema.org\",\"@graph\":[{\"@type\":\"WebPage\",\"@id\":\"https:\\\/\\\/harleydavidsontoluca.com\\\/shop\\\/producto\\\/play-division-x15-sunshield-full-face-helmet\\\/\",\"url\":\"https:\\\/\\\/harleydavidsontoluca.com\\\/shop\\\/producto\\\/play-division-x15-sunshield-full-face-helmet\\\/\",\"name\":\"Play Division X15 Sunshield Full Face Helmet - Tienda oficial H-D Toluca\",\"isPartOf\":{\"@id\":\"https:\\\/\\\/harleydavidsontoluca.com\\\/shop\\\/#website\"},\"primaryImageOfPage\":{\"@id\":\"https:\\\/\\\/harleydavidsontoluca.com\\\/shop\\\/producto\\\/play-division-x15-sunshield-full-face-helmet\\\/#primaryimage\"},\"image\":{\"@id\":\"https:\\\/\\\/harleydavidsontoluca.com\\\/shop\\\/producto\\\/play-division-x15-sunshield-full-face-helmet\\\/#primaryimage\"},\"thumbnailUrl\":\"https:\\\/\\\/harleydavidsontoluca.com\\\/shop\\\/wp-content\\\/uploads\\\/2023\\\/09\\\/98117-24VX-3.jpg\",\"datePublished\":\"2023-09-12T17:46:25+00:00\",\"dateModified\":\"2025-01-10T23:46:10+00:00\",\"breadcrumb\":{\"@id\":\"https:\\\/\\\/harleydavidsontoluca.com\\\/shop\\\/producto\\\/play-division-x15-sunshield-full-face-helmet\\\/#breadcrumb\"},\"inLanguage\":\"es\",\"potentialAction\":[{\"@type\":\"ReadAction\",\"target\":[\"https:\\\/\\\/harleydavidsontoluca.com\\\/shop\\\/producto\\\/play-division-x15-sunshield-full-face-helmet\\\/\"]}]},{\"@type\":\"ImageObject\",\"inLanguage\":\"es\",\"@id\":\"https:\\\/\\\/harleydavidsontoluca.com\\\/shop\\\/producto\\\/play-division-x15-sunshield-full-face-helmet\\\/#primaryimage\",\"url\":\"https:\\\/\\\/harleydavidsontoluca.com\\\/shop\\\/wp-content\\\/uploads\\\/2023\\\/09\\\/98117-24VX-3.jpg\",\"contentUrl\":\"https:\\\/\\\/harleydavidsontoluca.com\\\/shop\\\/wp-content\\\/uploads\\\/2023\\\/09\\\/98117-24VX-3.jpg\",\"width\":750,\"height\":789},{\"@type\":\"BreadcrumbList\",\"@id\":\"https:\\\/\\\/harleydavidsontoluca.com\\\/shop\\\/producto\\\/play-division-x15-sunshield-full-face-helmet\\\/#breadcrumb\",\"itemListElement\":[{\"@type\":\"ListItem\",\"position\":1,\"name\":\"Portada\",\"item\":\"https:\\\/\\\/harleydavidsontoluca.com\\\/shop\\\/\"},{\"@type\":\"ListItem\",\"position\":2,\"name\":\"Tienda\",\"item\":\"https:\\\/\\\/harleydavidsontoluca.com\\\/shop\\\/tienda\\\/\"},{\"@type\":\"ListItem\",\"position\":3,\"name\":\"Play Division X15 Sunshield Full Face Helmet\"}]},{\"@type\":\"WebSite\",\"@id\":\"https:\\\/\\\/harleydavidsontoluca.com\\\/shop\\\/#website\",\"url\":\"https:\\\/\\\/harleydavidsontoluca.com\\\/shop\\\/\",\"name\":\"Shop H-D Toluca\",\"description\":\"Shop H-D Toluca\",\"publisher\":{\"@id\":\"https:\\\/\\\/harleydavidsontoluca.com\\\/shop\\\/#organization\"},\"potentialAction\":[{\"@type\":\"SearchAction\",\"target\":{\"@type\":\"EntryPoint\",\"urlTemplate\":\"https:\\\/\\\/harleydavidsontoluca.com\\\/shop\\\/?s={search_term_string}\"},\"query-input\":{\"@type\":\"PropertyValueSpecification\",\"valueRequired\":true,\"valueName\":\"search_term_string\"}}],\"inLanguage\":\"es\"},{\"@type\":\"Organization\",\"@id\":\"https:\\\/\\\/harleydavidsontoluca.com\\\/shop\\\/#organization\",\"name\":\"Concesionaria Central de Motos\",\"url\":\"https:\\\/\\\/harleydavidsontoluca.com\\\/shop\\\/\",\"logo\":{\"@type\":\"ImageObject\",\"inLanguage\":\"es\",\"@id\":\"https:\\\/\\\/harleydavidsontoluca.com\\\/shop\\\/#\\\/schema\\\/logo\\\/image\\\/\",\"url\":\"https:\\\/\\\/harleydavidsontoluca.com\\\/shop\\\/wp-content\\\/uploads\\\/2024\\\/02\\\/cropped-Logo-512.png\",\"contentUrl\":\"https:\\\/\\\/harleydavidsontoluca.com\\\/shop\\\/wp-content\\\/uploads\\\/2024\\\/02\\\/cropped-Logo-512.png\",\"width\":512,\"height\":512,\"caption\":\"Concesionaria Central de Motos\"},\"image\":{\"@id\":\"https:\\\/\\\/harleydavidsontoluca.com\\\/shop\\\/#\\\/schema\\\/logo\\\/image\\\/\"},\"sameAs\":[\"https:\\\/\\\/www.facebook.com\\\/HarleyDavidsonToluca\",\"https:\\\/\\\/www.instagram.com\\\/hdtoluca\\\/\"]}]}<\/script>\n<!-- \/ Yoast SEO plugin. -->","yoast_head_json":{"title":"Play Division X15 Sunshield Full Face Helmet - Tienda oficial H-D Toluca","robots":{"index":"index","follow":"follow","max-snippet":"max-snippet:-1","max-image-preview":"max-image-preview:large","max-video-preview":"max-video-preview:-1"},"canonical":"https:\/\/harleydavidsontoluca.com\/shop\/producto\/play-division-x15-sunshield-full-face-helmet\/","og_locale":"es_MX","og_type":"article","og_title":"Play Division X15 Sunshield Full Face Helmet - Tienda oficial H-D Toluca","og_description":"Aerodin\u00e1micamente mejorado, sellado de forma segura y sin empa\u00f1amiento... esas son algunas de las razones por las que nuestro casco integral con protecci\u00f3n solar Divisi\u00f3n X15 de edici\u00f3n limitada es un nuevo favorito de m\u00e1xima cobertura. Su carcasa de perfil bajo est\u00e1 dise\u00f1ada para minimizar tanto la sustentaci\u00f3n como la turbulencia para una conducci\u00f3n m\u00e1s suave, silenciosa y establ","og_url":"https:\/\/harleydavidsontoluca.com\/shop\/producto\/play-division-x15-sunshield-full-face-helmet\/","og_site_name":"Tienda oficial H-D Toluca","article_publisher":"https:\/\/www.facebook.com\/HarleyDavidsonToluca","article_modified_time":"2025-01-10T23:46:10+00:00","og_image":[{"width":750,"height":789,"url":"https:\/\/harleydavidsontoluca.com\/shop\/wp-content\/uploads\/2023\/09\/98117-24VX-3.jpg","type":"image\/jpeg"}],"twitter_card":"summary_large_image","twitter_misc":{"Tiempo de lectura":"1 minuto"},"schema":{"@context":"https:\/\/schema.org","@graph":[{"@type":"WebPage","@id":"https:\/\/harleydavidsontoluca.com\/shop\/producto\/play-division-x15-sunshield-full-face-helmet\/","url":"https:\/\/harleydavidsontoluca.com\/shop\/producto\/play-division-x15-sunshield-full-face-helmet\/","name":"Play Division X15 Sunshield Full Face Helmet - Tienda oficial H-D Toluca","isPartOf":{"@id":"https:\/\/harleydavidsontoluca.com\/shop\/#website"},"primaryImageOfPage":{"@id":"https:\/\/harleydavidsontoluca.com\/shop\/producto\/play-division-x15-sunshield-full-face-helmet\/#primaryimage"},"image":{"@id":"https:\/\/harleydavidsontoluca.com\/shop\/producto\/play-division-x15-sunshield-full-face-helmet\/#primaryimage"},"thumbnailUrl":"https:\/\/harleydavidsontoluca.com\/shop\/wp-content\/uploads\/2023\/09\/98117-24VX-3.jpg","datePublished":"2023-09-12T17:46:25+00:00","dateModified":"2025-01-10T23:46:10+00:00","breadcrumb":{"@id":"https:\/\/harleydavidsontoluca.com\/shop\/producto\/play-division-x15-sunshield-full-face-helmet\/#breadcrumb"},"inLanguage":"es","potentialAction":[{"@type":"ReadAction","target":["https:\/\/harleydavidsontoluca.com\/shop\/producto\/play-division-x15-sunshield-full-face-helmet\/"]}]},{"@type":"ImageObject","inLanguage":"es","@id":"https:\/\/harleydavidsontoluca.com\/shop\/producto\/play-division-x15-sunshield-full-face-helmet\/#primaryimage","url":"https:\/\/harleydavidsontoluca.com\/shop\/wp-content\/uploads\/2023\/09\/98117-24VX-3.jpg","contentUrl":"https:\/\/harleydavidsontoluca.com\/shop\/wp-content\/uploads\/2023\/09\/98117-24VX-3.jpg","width":750,"height":789},{"@type":"BreadcrumbList","@id":"https:\/\/harleydavidsontoluca.com\/shop\/producto\/play-division-x15-sunshield-full-face-helmet\/#breadcrumb","itemListElement":[{"@type":"ListItem","position":1,"name":"Portada","item":"https:\/\/harleydavidsontoluca.com\/shop\/"},{"@type":"ListItem","position":2,"name":"Tienda","item":"https:\/\/harleydavidsontoluca.com\/shop\/tienda\/"},{"@type":"ListItem","position":3,"name":"Play Division X15 Sunshield Full Face Helmet"}]},{"@type":"WebSite","@id":"https:\/\/harleydavidsontoluca.com\/shop\/#website","url":"https:\/\/harleydavidsontoluca.com\/shop\/","name":"Shop H-D Toluca","description":"Shop H-D Toluca","publisher":{"@id":"https:\/\/harleydavidsontoluca.com\/shop\/#organization"},"potentialAction":[{"@type":"SearchAction","target":{"@type":"EntryPoint","urlTemplate":"https:\/\/harleydavidsontoluca.com\/shop\/?s={search_term_string}"},"query-input":{"@type":"PropertyValueSpecification","valueRequired":true,"valueName":"search_term_string"}}],"inLanguage":"es"},{"@type":"Organization","@id":"https:\/\/harleydavidsontoluca.com\/shop\/#organization","name":"Concesionaria Central de Motos","url":"https:\/\/harleydavidsontoluca.com\/shop\/","logo":{"@type":"ImageObject","inLanguage":"es","@id":"https:\/\/harleydavidsontoluca.com\/shop\/#\/schema\/logo\/image\/","url":"https:\/\/harleydavidsontoluca.com\/shop\/wp-content\/uploads\/2024\/02\/cropped-Logo-512.png","contentUrl":"https:\/\/harleydavidsontoluca.com\/shop\/wp-content\/uploads\/2024\/02\/cropped-Logo-512.png","width":512,"height":512,"caption":"Concesionaria Central de Motos"},"image":{"@id":"https:\/\/harleydavidsontoluca.com\/shop\/#\/schema\/logo\/image\/"},"sameAs":["https:\/\/www.facebook.com\/HarleyDavidsonToluca","https:\/\/www.instagram.com\/hdtoluca\/"]}]}},"_links":{"self":[{"href":"https:\/\/harleydavidsontoluca.com\/shop\/wp-json\/wp\/v2\/product\/44031","targetHints":{"allow":["GET"]}}],"collection":[{"href":"https:\/\/harleydavidsontoluca.com\/shop\/wp-json\/wp\/v2\/product"}],"about":[{"href":"https:\/\/harleydavidsontoluca.com\/shop\/wp-json\/wp\/v2\/types\/product"}],"wp:featuredmedia":[{"embeddable":true,"href":"https:\/\/harleydavidsontoluca.com\/shop\/wp-json\/wp\/v2\/media\/44034"}],"wp:attachment":[{"href":"https:\/\/harleydavidsontoluca.com\/shop\/wp-json\/wp\/v2\/media?parent=44031"}],"wp:term":[{"taxonomy":"product_brand","embeddable":true,"href":"https:\/\/harleydavidsontoluca.com\/shop\/wp-json\/wp\/v2\/product_brand?post=44031"},{"taxonomy":"product_cat","embeddable":true,"href":"https:\/\/harleydavidsontoluca.com\/shop\/wp-json\/wp\/v2\/product_cat?post=44031"},{"taxonomy":"product_tag","embeddable":true,"href":"https:\/\/harleydavidsontoluca.com\/shop\/wp-json\/wp\/v2\/product_tag?post=44031"}],"curies":[{"name":"wp","href":"https:\/\/api.w.org\/{rel}","templated":true}]}}