
{"id":38890,"date":"2020-05-05T18:12:55","date_gmt":"2020-05-05T18:12:55","guid":{"rendered":"https:\/\/harleydavidsontoluca.com\/shop\/?post_type=product&#038;p=38890"},"modified":"2024-06-27T14:01:33","modified_gmt":"2024-06-27T19:01:33","slug":"vanocker-s08-full-face-helmet-gloss-black","status":"publish","type":"product","link":"https:\/\/harleydavidsontoluca.com\/shop\/producto\/vanocker-s08-full-face-helmet-gloss-black\/","title":{"rendered":"Vanocker S08 Full-Face Helmet, Gloss Black"},"content":{"rendered":"<p>EN CASCOS NO TENEMOS CAMBIOS NI DEVOLUCIONES<\/p>\n<p>Casco<span lang=\"es\"> integral Harley-Davidson\u00ae, color negro brillante. Cuenta con una carcasa de fibra de vidrio multiaxial. El dise\u00f1o del caparaz\u00f3n es fuerte, aerodin\u00e1mico elegante y mejorado, con dise\u00f1o de doble aler\u00f3n para mejor resistencia y menor ruido. Peso promedio: 1,570 gramos. Correa de barbilla con doble anilla D. Barbilla, frente y sistema avanzado de ventilaci\u00f3n de canal para un flujo de aire completo de adelante hacia atr\u00e1s para ayudar a eliminar el calor y la humedad. Forro extra\u00edble y lavable. Escudo de liberaci\u00f3n r\u00e1pida, antiniebla y antiara\u00f1azos con Pinlock Max Vision. Protector solar integrado. El sistema de gafas de f\u00e1cil ajuste permite espacio sin que los marcos pellizquen o presionen. Bolsa de casco incluida. HJC Cumple con el est\u00e1ndar de seguridad DOT FMVSS 218. Debido a las estrictas restricciones de seguridad y salud del DOT, los cascos no pueden devolverse ni cambiarse<\/span><\/p>\n","protected":false},"excerpt":{"rendered":"<p>EN CASCOS NO TENEMOS CAMBIOS NI DEVOLUCIONES<\/p>\n<p>Casco<span lang=\"es\"> integral Harley-Davidson\u00ae, color negro brillante. Cuenta con una carcasa de fibra de vidrio multiaxial. El dise\u00f1o del caparaz\u00f3n es fuerte, aerodin\u00e1mico elegante y mejorado, con dise\u00f1o de doble aler\u00f3n para mejor resistencia y menor ruido. Peso promedio: 1,570 gramos. HJC Cumple con el est\u00e1ndar de seguridad DOT FMVSS 218. Debido a las estrictas restricciones de seguridad y salud del DOT, los cascos no pueden devolverse ni cambiarse<\/span><\/p>\n<p>S08 repuestos: visera clear, dark smoke y dark smoke customize (SE VENDEN POR SEPARADO)<\/p>\n","protected":false},"featured_media":39524,"template":"","meta":[],"product_brand":[],"product_cat":[70,45,24,25],"product_tag":[],"class_list":{"0":"post-38890","1":"product","2":"type-product","3":"status-publish","4":"has-post-thumbnail","6":"product_cat-cascos-mujer","7":"product_cat-cascos","8":"product_cat-hombre","9":"product_cat-mujer","10":"pa_talla-l","11":"pa_talla-m","12":"pa_talla-s","13":"pa_talla-xl","14":"pa_talla-xs","15":"pa_talla-xxl","16":"pa_talla-xxxl","18":"first","19":"outofstock","20":"taxable","21":"shipping-taxable","22":"product-type-variable","23":"has-default-attributes"},"yoast_head":"<!-- This site is optimized with the Yoast SEO plugin v27.3 - https:\/\/yoast.com\/product\/yoast-seo-wordpress\/ -->\n<title>Vanocker S08 Full-Face Helmet, Gloss Black - Tienda oficial H-D Toluca<\/title>\n<meta name=\"robots\" content=\"index, follow, max-snippet:-1, max-image-preview:large, max-video-preview:-1\" \/>\n<link rel=\"canonical\" href=\"https:\/\/harleydavidsontoluca.com\/shop\/producto\/vanocker-s08-full-face-helmet-gloss-black\/\" \/>\n<meta property=\"og:locale\" content=\"es_MX\" \/>\n<meta property=\"og:type\" content=\"article\" \/>\n<meta property=\"og:title\" content=\"Vanocker S08 Full-Face Helmet, Gloss Black - Tienda oficial H-D Toluca\" \/>\n<meta property=\"og:description\" content=\"EN CASCOS NO TENEMOS CAMBIOS NI DEVOLUCIONES  Casco integral Harley-Davidson\u00ae, color negro brillante. Cuenta con una carcasa de fibra de vidrio multiaxial. El dise\u00f1o del caparaz\u00f3n es fuerte, aerodin\u00e1mico elegante y mejorado, con dise\u00f1o de doble aler\u00f3n para mejor resistencia y menor ruido. Peso promedio: 1,570 gramos. HJC Cumple con el est\u00e1ndar de seguridad DOT FMVSS 218. Debido a las estrictas restricciones de seguridad y salud del DOT, los cascos no pueden devolverse ni cambiarse  S08 repuestos: visera clear, dark smoke y dark smoke customize (SE VENDEN POR SEPARADO)\" \/>\n<meta property=\"og:url\" content=\"https:\/\/harleydavidsontoluca.com\/shop\/producto\/vanocker-s08-full-face-helmet-gloss-black\/\" \/>\n<meta property=\"og:site_name\" content=\"Tienda oficial H-D Toluca\" \/>\n<meta property=\"article:publisher\" content=\"https:\/\/www.facebook.com\/HarleyDavidsonToluca\" \/>\n<meta property=\"article:modified_time\" content=\"2024-06-27T19:01:33+00:00\" \/>\n<meta property=\"og:image\" content=\"https:\/\/harleydavidsontoluca.com\/shop\/wp-content\/uploads\/2020\/05\/98102-scaled.jpeg\" \/>\n\t<meta property=\"og:image:width\" content=\"2560\" \/>\n\t<meta property=\"og:image:height\" content=\"2560\" \/>\n\t<meta property=\"og:image:type\" content=\"image\/jpeg\" \/>\n<meta name=\"twitter:card\" content=\"summary_large_image\" \/>\n<meta name=\"twitter:label1\" content=\"Tiempo de lectura\" \/>\n\t<meta name=\"twitter:data1\" content=\"1 minuto\" \/>\n<script type=\"application\/ld+json\" class=\"yoast-schema-graph\">{\"@context\":\"https:\\\/\\\/schema.org\",\"@graph\":[{\"@type\":\"WebPage\",\"@id\":\"https:\\\/\\\/harleydavidsontoluca.com\\\/shop\\\/producto\\\/vanocker-s08-full-face-helmet-gloss-black\\\/\",\"url\":\"https:\\\/\\\/harleydavidsontoluca.com\\\/shop\\\/producto\\\/vanocker-s08-full-face-helmet-gloss-black\\\/\",\"name\":\"Vanocker S08 Full-Face Helmet, Gloss Black - Tienda oficial H-D Toluca\",\"isPartOf\":{\"@id\":\"https:\\\/\\\/harleydavidsontoluca.com\\\/shop\\\/#website\"},\"primaryImageOfPage\":{\"@id\":\"https:\\\/\\\/harleydavidsontoluca.com\\\/shop\\\/producto\\\/vanocker-s08-full-face-helmet-gloss-black\\\/#primaryimage\"},\"image\":{\"@id\":\"https:\\\/\\\/harleydavidsontoluca.com\\\/shop\\\/producto\\\/vanocker-s08-full-face-helmet-gloss-black\\\/#primaryimage\"},\"thumbnailUrl\":\"https:\\\/\\\/harleydavidsontoluca.com\\\/shop\\\/wp-content\\\/uploads\\\/2020\\\/05\\\/98102-scaled.jpeg\",\"datePublished\":\"2020-05-05T18:12:55+00:00\",\"dateModified\":\"2024-06-27T19:01:33+00:00\",\"breadcrumb\":{\"@id\":\"https:\\\/\\\/harleydavidsontoluca.com\\\/shop\\\/producto\\\/vanocker-s08-full-face-helmet-gloss-black\\\/#breadcrumb\"},\"inLanguage\":\"es\",\"potentialAction\":[{\"@type\":\"ReadAction\",\"target\":[\"https:\\\/\\\/harleydavidsontoluca.com\\\/shop\\\/producto\\\/vanocker-s08-full-face-helmet-gloss-black\\\/\"]}]},{\"@type\":\"ImageObject\",\"inLanguage\":\"es\",\"@id\":\"https:\\\/\\\/harleydavidsontoluca.com\\\/shop\\\/producto\\\/vanocker-s08-full-face-helmet-gloss-black\\\/#primaryimage\",\"url\":\"https:\\\/\\\/harleydavidsontoluca.com\\\/shop\\\/wp-content\\\/uploads\\\/2020\\\/05\\\/98102-scaled.jpeg\",\"contentUrl\":\"https:\\\/\\\/harleydavidsontoluca.com\\\/shop\\\/wp-content\\\/uploads\\\/2020\\\/05\\\/98102-scaled.jpeg\",\"width\":2560,\"height\":2560,\"caption\":\"{\\\"source_sid\\\":\\\"6965460C-581D-46FB-BE76-C106DB56C279_1591202394734\\\",\\\"subsource\\\":\\\"done_button\\\",\\\"uid\\\":\\\"6965460C-581D-46FB-BE76-C106DB56C279_1591202394723\\\",\\\"source\\\":\\\"other\\\",\\\"origin\\\":\\\"gallery\\\"}\"},{\"@type\":\"BreadcrumbList\",\"@id\":\"https:\\\/\\\/harleydavidsontoluca.com\\\/shop\\\/producto\\\/vanocker-s08-full-face-helmet-gloss-black\\\/#breadcrumb\",\"itemListElement\":[{\"@type\":\"ListItem\",\"position\":1,\"name\":\"Portada\",\"item\":\"https:\\\/\\\/harleydavidsontoluca.com\\\/shop\\\/\"},{\"@type\":\"ListItem\",\"position\":2,\"name\":\"Tienda\",\"item\":\"https:\\\/\\\/harleydavidsontoluca.com\\\/shop\\\/tienda\\\/\"},{\"@type\":\"ListItem\",\"position\":3,\"name\":\"Vanocker S08 Full-Face Helmet, Gloss Black\"}]},{\"@type\":\"WebSite\",\"@id\":\"https:\\\/\\\/harleydavidsontoluca.com\\\/shop\\\/#website\",\"url\":\"https:\\\/\\\/harleydavidsontoluca.com\\\/shop\\\/\",\"name\":\"Shop H-D Toluca\",\"description\":\"Shop H-D Toluca\",\"publisher\":{\"@id\":\"https:\\\/\\\/harleydavidsontoluca.com\\\/shop\\\/#organization\"},\"potentialAction\":[{\"@type\":\"SearchAction\",\"target\":{\"@type\":\"EntryPoint\",\"urlTemplate\":\"https:\\\/\\\/harleydavidsontoluca.com\\\/shop\\\/?s={search_term_string}\"},\"query-input\":{\"@type\":\"PropertyValueSpecification\",\"valueRequired\":true,\"valueName\":\"search_term_string\"}}],\"inLanguage\":\"es\"},{\"@type\":\"Organization\",\"@id\":\"https:\\\/\\\/harleydavidsontoluca.com\\\/shop\\\/#organization\",\"name\":\"Concesionaria Central de Motos\",\"url\":\"https:\\\/\\\/harleydavidsontoluca.com\\\/shop\\\/\",\"logo\":{\"@type\":\"ImageObject\",\"inLanguage\":\"es\",\"@id\":\"https:\\\/\\\/harleydavidsontoluca.com\\\/shop\\\/#\\\/schema\\\/logo\\\/image\\\/\",\"url\":\"https:\\\/\\\/harleydavidsontoluca.com\\\/shop\\\/wp-content\\\/uploads\\\/2024\\\/02\\\/cropped-Logo-512.png\",\"contentUrl\":\"https:\\\/\\\/harleydavidsontoluca.com\\\/shop\\\/wp-content\\\/uploads\\\/2024\\\/02\\\/cropped-Logo-512.png\",\"width\":512,\"height\":512,\"caption\":\"Concesionaria Central de Motos\"},\"image\":{\"@id\":\"https:\\\/\\\/harleydavidsontoluca.com\\\/shop\\\/#\\\/schema\\\/logo\\\/image\\\/\"},\"sameAs\":[\"https:\\\/\\\/www.facebook.com\\\/HarleyDavidsonToluca\",\"https:\\\/\\\/www.instagram.com\\\/hdtoluca\\\/\"]}]}<\/script>\n<!-- \/ Yoast SEO plugin. -->","yoast_head_json":{"title":"Vanocker S08 Full-Face Helmet, Gloss Black - Tienda oficial H-D Toluca","robots":{"index":"index","follow":"follow","max-snippet":"max-snippet:-1","max-image-preview":"max-image-preview:large","max-video-preview":"max-video-preview:-1"},"canonical":"https:\/\/harleydavidsontoluca.com\/shop\/producto\/vanocker-s08-full-face-helmet-gloss-black\/","og_locale":"es_MX","og_type":"article","og_title":"Vanocker S08 Full-Face Helmet, Gloss Black - Tienda oficial H-D Toluca","og_description":"EN CASCOS NO TENEMOS CAMBIOS NI DEVOLUCIONES  Casco integral Harley-Davidson\u00ae, color negro brillante. Cuenta con una carcasa de fibra de vidrio multiaxial. El dise\u00f1o del caparaz\u00f3n es fuerte, aerodin\u00e1mico elegante y mejorado, con dise\u00f1o de doble aler\u00f3n para mejor resistencia y menor ruido. Peso promedio: 1,570 gramos. HJC Cumple con el est\u00e1ndar de seguridad DOT FMVSS 218. Debido a las estrictas restricciones de seguridad y salud del DOT, los cascos no pueden devolverse ni cambiarse  S08 repuestos: visera clear, dark smoke y dark smoke customize (SE VENDEN POR SEPARADO)","og_url":"https:\/\/harleydavidsontoluca.com\/shop\/producto\/vanocker-s08-full-face-helmet-gloss-black\/","og_site_name":"Tienda oficial H-D Toluca","article_publisher":"https:\/\/www.facebook.com\/HarleyDavidsonToluca","article_modified_time":"2024-06-27T19:01:33+00:00","og_image":[{"width":2560,"height":2560,"url":"https:\/\/harleydavidsontoluca.com\/shop\/wp-content\/uploads\/2020\/05\/98102-scaled.jpeg","type":"image\/jpeg"}],"twitter_card":"summary_large_image","twitter_misc":{"Tiempo de lectura":"1 minuto"},"schema":{"@context":"https:\/\/schema.org","@graph":[{"@type":"WebPage","@id":"https:\/\/harleydavidsontoluca.com\/shop\/producto\/vanocker-s08-full-face-helmet-gloss-black\/","url":"https:\/\/harleydavidsontoluca.com\/shop\/producto\/vanocker-s08-full-face-helmet-gloss-black\/","name":"Vanocker S08 Full-Face Helmet, Gloss Black - Tienda oficial H-D Toluca","isPartOf":{"@id":"https:\/\/harleydavidsontoluca.com\/shop\/#website"},"primaryImageOfPage":{"@id":"https:\/\/harleydavidsontoluca.com\/shop\/producto\/vanocker-s08-full-face-helmet-gloss-black\/#primaryimage"},"image":{"@id":"https:\/\/harleydavidsontoluca.com\/shop\/producto\/vanocker-s08-full-face-helmet-gloss-black\/#primaryimage"},"thumbnailUrl":"https:\/\/harleydavidsontoluca.com\/shop\/wp-content\/uploads\/2020\/05\/98102-scaled.jpeg","datePublished":"2020-05-05T18:12:55+00:00","dateModified":"2024-06-27T19:01:33+00:00","breadcrumb":{"@id":"https:\/\/harleydavidsontoluca.com\/shop\/producto\/vanocker-s08-full-face-helmet-gloss-black\/#breadcrumb"},"inLanguage":"es","potentialAction":[{"@type":"ReadAction","target":["https:\/\/harleydavidsontoluca.com\/shop\/producto\/vanocker-s08-full-face-helmet-gloss-black\/"]}]},{"@type":"ImageObject","inLanguage":"es","@id":"https:\/\/harleydavidsontoluca.com\/shop\/producto\/vanocker-s08-full-face-helmet-gloss-black\/#primaryimage","url":"https:\/\/harleydavidsontoluca.com\/shop\/wp-content\/uploads\/2020\/05\/98102-scaled.jpeg","contentUrl":"https:\/\/harleydavidsontoluca.com\/shop\/wp-content\/uploads\/2020\/05\/98102-scaled.jpeg","width":2560,"height":2560,"caption":"{\"source_sid\":\"6965460C-581D-46FB-BE76-C106DB56C279_1591202394734\",\"subsource\":\"done_button\",\"uid\":\"6965460C-581D-46FB-BE76-C106DB56C279_1591202394723\",\"source\":\"other\",\"origin\":\"gallery\"}"},{"@type":"BreadcrumbList","@id":"https:\/\/harleydavidsontoluca.com\/shop\/producto\/vanocker-s08-full-face-helmet-gloss-black\/#breadcrumb","itemListElement":[{"@type":"ListItem","position":1,"name":"Portada","item":"https:\/\/harleydavidsontoluca.com\/shop\/"},{"@type":"ListItem","position":2,"name":"Tienda","item":"https:\/\/harleydavidsontoluca.com\/shop\/tienda\/"},{"@type":"ListItem","position":3,"name":"Vanocker S08 Full-Face Helmet, Gloss Black"}]},{"@type":"WebSite","@id":"https:\/\/harleydavidsontoluca.com\/shop\/#website","url":"https:\/\/harleydavidsontoluca.com\/shop\/","name":"Shop H-D Toluca","description":"Shop H-D Toluca","publisher":{"@id":"https:\/\/harleydavidsontoluca.com\/shop\/#organization"},"potentialAction":[{"@type":"SearchAction","target":{"@type":"EntryPoint","urlTemplate":"https:\/\/harleydavidsontoluca.com\/shop\/?s={search_term_string}"},"query-input":{"@type":"PropertyValueSpecification","valueRequired":true,"valueName":"search_term_string"}}],"inLanguage":"es"},{"@type":"Organization","@id":"https:\/\/harleydavidsontoluca.com\/shop\/#organization","name":"Concesionaria Central de Motos","url":"https:\/\/harleydavidsontoluca.com\/shop\/","logo":{"@type":"ImageObject","inLanguage":"es","@id":"https:\/\/harleydavidsontoluca.com\/shop\/#\/schema\/logo\/image\/","url":"https:\/\/harleydavidsontoluca.com\/shop\/wp-content\/uploads\/2024\/02\/cropped-Logo-512.png","contentUrl":"https:\/\/harleydavidsontoluca.com\/shop\/wp-content\/uploads\/2024\/02\/cropped-Logo-512.png","width":512,"height":512,"caption":"Concesionaria Central de Motos"},"image":{"@id":"https:\/\/harleydavidsontoluca.com\/shop\/#\/schema\/logo\/image\/"},"sameAs":["https:\/\/www.facebook.com\/HarleyDavidsonToluca","https:\/\/www.instagram.com\/hdtoluca\/"]}]}},"_links":{"self":[{"href":"https:\/\/harleydavidsontoluca.com\/shop\/wp-json\/wp\/v2\/product\/38890","targetHints":{"allow":["GET"]}}],"collection":[{"href":"https:\/\/harleydavidsontoluca.com\/shop\/wp-json\/wp\/v2\/product"}],"about":[{"href":"https:\/\/harleydavidsontoluca.com\/shop\/wp-json\/wp\/v2\/types\/product"}],"wp:featuredmedia":[{"embeddable":true,"href":"https:\/\/harleydavidsontoluca.com\/shop\/wp-json\/wp\/v2\/media\/39524"}],"wp:attachment":[{"href":"https:\/\/harleydavidsontoluca.com\/shop\/wp-json\/wp\/v2\/media?parent=38890"}],"wp:term":[{"taxonomy":"product_brand","embeddable":true,"href":"https:\/\/harleydavidsontoluca.com\/shop\/wp-json\/wp\/v2\/product_brand?post=38890"},{"taxonomy":"product_cat","embeddable":true,"href":"https:\/\/harleydavidsontoluca.com\/shop\/wp-json\/wp\/v2\/product_cat?post=38890"},{"taxonomy":"product_tag","embeddable":true,"href":"https:\/\/harleydavidsontoluca.com\/shop\/wp-json\/wp\/v2\/product_tag?post=38890"}],"curies":[{"name":"wp","href":"https:\/\/api.w.org\/{rel}","templated":true}]}}